{"id":2106,"date":"2025-10-17T17:45:24","date_gmt":"2025-10-17T15:45:24","guid":{"rendered":"https:\/\/mundisofa.net\/produits\/canapes-lits\/"},"modified":"2026-01-13T18:37:46","modified_gmt":"2026-01-13T17:37:46","slug":"canapes-lits","status":"publish","type":"page","link":"https:\/\/mundisofa.net\/fr\/produits\/canapes-lits\/","title":{"rendered":"Canap\u00e9s-lits"},"content":{"rendered":"\t\t<div data-elementor-type=\"wp-page\" data-elementor-id=\"2106\" class=\"elementor elementor-2106 elementor-31\" data-elementor-post-type=\"page\">\n\t\t\t\t<div class=\"elementor-element elementor-element-defb7ee e-con-full e-flex e-con e-parent\" data-id=\"defb7ee\" data-element_type=\"container\" data-e-type=\"container\" data-settings=\"{&quot;background_background&quot;:&quot;classic&quot;}\">\n\t\t\t\t<div class=\"elementor-element elementor-element-f7d77e0 elementor-widget-mobile__width-inherit elementor-widget elementor-widget-heading\" data-id=\"f7d77e0\" data-element_type=\"widget\" data-e-type=\"widget\" data-widget_type=\"heading.default\">\n\t\t\t\t\t<h1 class=\"elementor-heading-title elementor-size-default\">Canap\u00e9s-lits \u00e0 Majorque<\/h1>\t\t\t\t<\/div>\n\t\t\t\t<\/div>\n\t\t<div class=\"elementor-element elementor-element-63e0f37 e-flex e-con-boxed e-con e-parent\" data-id=\"63e0f37\" data-element_type=\"container\" data-e-type=\"container\">\n\t\t\t\t\t<div class=\"e-con-inner\">\n\t\t\t\t<div class=\"elementor-element elementor-element-d0ad753 elementor-widget elementor-widget-text-editor\" data-id=\"d0ad753\" data-element_type=\"widget\" data-e-type=\"widget\" data-widget_type=\"text-editor.default\">\n\t\t\t\t\t\t\t\t\tChaque centim\u00e8tre d\u2019espace dans votre maison a de la valeur. C\u2019est pourquoi nous proposons un large choix de canap\u00e9s-lits \u00e0 Majorque qui non seulement optimisent l\u2019espace, mais garantissent aussi un repos de qualit\u00e9. Nos canap\u00e9s-lits sont con\u00e7us pour allier style, fonctionnalit\u00e9 et durabilit\u00e9, faisant de chaque pi\u00e8ce un lieu confortable et chaleureux.  \t\t\t\t\t\t\t\t<\/div>\n\t\t\t\t<div class=\"elementor-element elementor-element-17d6474 elementor-widget elementor-widget-heading\" data-id=\"17d6474\" data-element_type=\"widget\" data-e-type=\"widget\" data-widget_type=\"heading.default\">\n\t\t\t\t\t<h2 class=\"elementor-heading-title elementor-size-default\">L\u2019importance d\u2019un canap\u00e9-lit dans la maison<\/h2>\t\t\t\t<\/div>\n\t\t\t\t<div class=\"elementor-element elementor-element-36ac9be elementor-widget elementor-widget-text-editor\" data-id=\"36ac9be\" data-element_type=\"widget\" data-e-type=\"widget\" data-widget_type=\"text-editor.default\">\n\t\t\t\t\t\t\t\t\tChaque centim\u00e8tre d\u2019espace dans votre maison a de la valeur. C\u2019est pourquoi nous proposons un large choix de canap\u00e9s-lits \u00e0 Majorque qui non seulement optimisent l\u2019espace, mais garantissent aussi un repos de qualit\u00e9. Nos canap\u00e9s-lits sont con\u00e7us pour allier style, fonctionnalit\u00e9 et durabilit\u00e9, faisant de chaque pi\u00e8ce un lieu confortable et chaleureux.  \t\t\t\t\t\t\t\t<\/div>\n\t\t\t\t\t<\/div>\n\t\t\t\t<\/div>\n\t\t<div class=\"elementor-element elementor-element-2e82d33 e-flex e-con-boxed e-con e-parent\" data-id=\"2e82d33\" data-element_type=\"container\" data-e-type=\"container\">\n\t\t\t\t\t<div class=\"e-con-inner\">\n\t\t<div class=\"elementor-element elementor-element-73a9adb e-con-full e-flex e-con e-child\" data-id=\"73a9adb\" data-element_type=\"container\" data-e-type=\"container\" data-settings=\"{&quot;background_background&quot;:&quot;classic&quot;}\">\n\t\t\t\t<\/div>\n\t\t<div class=\"elementor-element elementor-element-dbde1f0 e-con-full e-flex e-con e-child\" data-id=\"dbde1f0\" data-element_type=\"container\" data-e-type=\"container\">\n\t\t\t\t<div class=\"elementor-element elementor-element-94a8a67 elementor-widget elementor-widget-heading\" data-id=\"94a8a67\" data-element_type=\"widget\" data-e-type=\"widget\" data-widget_type=\"heading.default\">\n\t\t\t\t\t<h3 class=\"elementor-heading-title elementor-size-default\">\u00c9conomisez de l\u2019espace sans sacrifier le style<\/h3>\t\t\t\t<\/div>\n\t\t\t\t<div class=\"elementor-element elementor-element-fa45ff6 elementor-widget elementor-widget-text-editor\" data-id=\"fa45ff6\" data-element_type=\"widget\" data-e-type=\"widget\" data-widget_type=\"text-editor.default\">\n\t\t\t\t\t\t\t\t\tL\u2019un des plus grands avantages d\u2019un canap\u00e9-lit est sa capacit\u00e9 \u00e0 \u00e9conomiser de l\u2019espace sans compromettre le style de votre maison. Chez Mundisofa, nous proposons des canap\u00e9s-lits dans une vari\u00e9t\u00e9 de designs, des plus modernes aux plus classiques, qui s\u2019int\u00e8grent parfaitement \u00e0 toute d\u00e9coration. Que vous en ayez besoin pour un salon ou une chambre d\u2019amis, nos canap\u00e9s-lits sont le choix id\u00e9al pour maximiser l\u2019utilisation de l\u2019espace disponible.  \t\t\t\t\t\t\t\t<\/div>\n\t\t\t\t<div class=\"elementor-element elementor-element-6c94e60 elementor-widget-divider--view-line elementor-widget elementor-widget-divider\" data-id=\"6c94e60\" data-element_type=\"widget\" data-e-type=\"widget\" data-widget_type=\"divider.default\">\n\t\t\t\t\t\t\t<div class=\"elementor-divider\">\n\t\t\t<span class=\"elementor-divider-separator\">\n\t\t\t\t\t\t<\/span>\n\t\t<\/div>\n\t\t\t\t\t\t<\/div>\n\t\t\t\t<\/div>\n\t\t\t\t\t<\/div>\n\t\t\t\t<\/div>\n\t\t<div class=\"elementor-element elementor-element-3c1765c e-flex e-con-boxed e-con e-parent\" data-id=\"3c1765c\" data-element_type=\"container\" data-e-type=\"container\">\n\t\t\t\t\t<div class=\"e-con-inner\">\n\t\t<div class=\"elementor-element elementor-element-fb43a2e e-con-full e-flex e-con e-child\" data-id=\"fb43a2e\" data-element_type=\"container\" data-e-type=\"container\">\n\t\t\t\t<div class=\"elementor-element elementor-element-9163d2a elementor-widget elementor-widget-heading\" data-id=\"9163d2a\" data-element_type=\"widget\" data-e-type=\"widget\" data-widget_type=\"heading.default\">\n\t\t\t\t\t<h3 class=\"elementor-heading-title elementor-size-default\">Votre espace, plus confortable et fonctionnel que jamais<\/h3>\t\t\t\t<\/div>\n\t\t\t\t<div class=\"elementor-element elementor-element-94e1b5f elementor-widget elementor-widget-text-editor\" data-id=\"94e1b5f\" data-element_type=\"widget\" data-e-type=\"widget\" data-widget_type=\"text-editor.default\">\n\t\t\t\t\t\t\t\t\tLa qualit\u00e9 d\u2019un canap\u00e9-lit est cruciale, non seulement pour sa durabilit\u00e9, mais aussi pour garantir un sommeil r\u00e9parateur et permettre une ouverture et une fermeture sans effort. Tous nos canap\u00e9s-lits sont fabriqu\u00e9s en mat\u00e9riaux haut de gamme, garantissant leur r\u00e9sistance \u00e0 une utilisation quotidienne sans perdre leur confort ou leur fonctionnalit\u00e9. De plus, nos mod\u00e8les sont con\u00e7us pour garantir un repos optimal, m\u00eame dans un espace restreint.\t\t\t\t\t\t\t\t<\/div>\n\t\t\t\t<div class=\"elementor-element elementor-element-76e3f8e elementor-widget-divider--view-line elementor-widget elementor-widget-divider\" data-id=\"76e3f8e\" data-element_type=\"widget\" data-e-type=\"widget\" data-widget_type=\"divider.default\">\n\t\t\t\t\t\t\t<div class=\"elementor-divider\">\n\t\t\t<span class=\"elementor-divider-separator\">\n\t\t\t\t\t\t<\/span>\n\t\t<\/div>\n\t\t\t\t\t\t<\/div>\n\t\t\t\t<\/div>\n\t\t<div class=\"elementor-element elementor-element-7bd7ef3 e-con-full e-flex e-con e-child\" data-id=\"7bd7ef3\" data-element_type=\"container\" data-e-type=\"container\" data-settings=\"{&quot;background_background&quot;:&quot;classic&quot;}\">\n\t\t\t\t<\/div>\n\t\t\t\t\t<\/div>\n\t\t\t\t<\/div>\n\t\t<div class=\"elementor-element elementor-element-f00aa50 e-flex e-con-boxed e-con e-parent\" data-id=\"f00aa50\" data-element_type=\"container\" data-e-type=\"container\">\n\t\t\t\t\t<div class=\"e-con-inner\">\n\t\t\t\t<div class=\"elementor-element elementor-element-20d3e3c elementor-widget elementor-widget-heading\" data-id=\"20d3e3c\" data-element_type=\"widget\" data-e-type=\"widget\" data-widget_type=\"heading.default\">\n\t\t\t\t\t<h2 class=\"elementor-heading-title elementor-size-default\">Approche-toi, tout est con\u00e7u pour toi<\/h2>\t\t\t\t<\/div>\n\t\t\t\t<div class=\"elementor-element elementor-element-fafdae8 elementor-widget elementor-widget-text-editor\" data-id=\"fafdae8\" data-element_type=\"widget\" data-e-type=\"widget\" data-widget_type=\"text-editor.default\">\n\t\t\t\t\t\t\t\t\t<p>Nous sommes au centre de Palma.<\/p>\n<p>Garez-vous sur le <strong>parking de S\u2019Escorxador<\/strong> et nous tamponnerons votre billet.<\/p>\n<p>Nous vous attendons sans avoir besoin de rendez-vous.<\/p>\t\t\t\t\t\t\t\t<\/div>\n\t\t<div class=\"elementor-element elementor-element-d1ad5ca e-con-full e-flex e-con e-child\" data-id=\"d1ad5ca\" data-element_type=\"container\" data-e-type=\"container\">\n\t\t\t\t<div class=\"elementor-element elementor-element-799bd2a elementor-align-center elementor-mobile-align-justify elementor-widget-mobile__width-inherit elementor-widget elementor-widget-button\" data-id=\"799bd2a\" data-element_type=\"widget\" data-e-type=\"widget\" data-widget_type=\"button.default\">\n\t\t\t\t\t\t\t\t\t\t<a class=\"elementor-button elementor-button-link elementor-size-sm\" href=\"https:\/\/maps.app.goo.gl\/chm5KJnyJPgYZedx6\" target=\"_blank\" rel=\"noopener\">\n\t\t\t\t\t\t<span class=\"elementor-button-content-wrapper\">\n\t\t\t\t\t\t\t\t\t<span class=\"elementor-button-text\">Comment y arriver<\/span>\n\t\t\t\t\t<\/span>\n\t\t\t\t\t<\/a>\n\t\t\t\t\t\t\t\t<\/div>\n\t\t\t\t<div class=\"elementor-element elementor-element-c1dd20d elementor-align-center elementor-mobile-align-justify elementor-widget-mobile__width-inherit elementor-widget elementor-widget-button\" data-id=\"c1dd20d\" data-element_type=\"widget\" data-e-type=\"widget\" data-widget_type=\"button.default\">\n\t\t\t\t\t\t\t\t\t\t<a class=\"elementor-button elementor-button-link elementor-size-sm\" href=\"tel:871713264\">\n\t\t\t\t\t\t<span class=\"elementor-button-content-wrapper\">\n\t\t\t\t\t\t<span class=\"elementor-button-icon\">\n\t\t\t\t<svg aria-hidden=\"true\" class=\"e-font-icon-svg e-fas-phone-alt\" viewBox=\"0 0 512 512\" xmlns=\"http:\/\/www.w3.org\/2000\/svg\"><path d=\"M497.39 361.8l-112-48a24 24 0 0 0-28 6.9l-49.6 60.6A370.66 370.66 0 0 1 130.6 204.11l60.6-49.6a23.94 23.94 0 0 0 6.9-28l-48-112A24.16 24.16 0 0 0 122.6.61l-104 24A24 24 0 0 0 0 48c0 256.5 207.9 464 464 464a24 24 0 0 0 23.4-18.6l24-104a24.29 24.29 0 0 0-14.01-27.6z\"><\/path><\/svg>\t\t\t<\/span>\n\t\t\t\t\t\t\t\t\t<span class=\"elementor-button-text\">Appelez maintenant<\/span>\n\t\t\t\t\t<\/span>\n\t\t\t\t\t<\/a>\n\t\t\t\t\t\t\t\t<\/div>\n\t\t\t\t<\/div>\n\t\t\t\t\t<\/div>\n\t\t\t\t<\/div>\n\t\t\t\t<\/div>\n\t\t","protected":false},"excerpt":{"rendered":"<p>Canap\u00e9s-lits \u00e0 Majorque Chaque centim\u00e8tre d\u2019espace dans votre maison a de la valeur. C\u2019est pourquoi nous proposons un large choix de canap\u00e9s-lits \u00e0 Majorque qui non seulement optimisent l\u2019espace, mais garantissent aussi un repos de qualit\u00e9. Nos canap\u00e9s-lits sont con\u00e7us pour allier style, fonctionnalit\u00e9 et durabilit\u00e9, faisant de chaque pi\u00e8ce un lieu confortable et chaleureux. [&hellip;]<\/p>\n","protected":false},"author":1,"featured_media":0,"parent":1808,"menu_order":0,"comment_status":"closed","ping_status":"closed","template":"","meta":{"iawp_total_views":10,"_joinchat":[],"footnotes":""},"class_list":["post-2106","page","type-page","status-publish","hentry"],"_links":{"self":[{"href":"https:\/\/mundisofa.net\/fr\/wp-json\/wp\/v2\/pages\/2106","targetHints":{"allow":["GET"]}}],"collection":[{"href":"https:\/\/mundisofa.net\/fr\/wp-json\/wp\/v2\/pages"}],"about":[{"href":"https:\/\/mundisofa.net\/fr\/wp-json\/wp\/v2\/types\/page"}],"author":[{"embeddable":true,"href":"https:\/\/mundisofa.net\/fr\/wp-json\/wp\/v2\/users\/1"}],"replies":[{"embeddable":true,"href":"https:\/\/mundisofa.net\/fr\/wp-json\/wp\/v2\/comments?post=2106"}],"version-history":[{"count":1,"href":"https:\/\/mundisofa.net\/fr\/wp-json\/wp\/v2\/pages\/2106\/revisions"}],"predecessor-version":[{"id":2110,"href":"https:\/\/mundisofa.net\/fr\/wp-json\/wp\/v2\/pages\/2106\/revisions\/2110"}],"up":[{"embeddable":true,"href":"https:\/\/mundisofa.net\/fr\/wp-json\/wp\/v2\/pages\/1808"}],"wp:attachment":[{"href":"https:\/\/mundisofa.net\/fr\/wp-json\/wp\/v2\/media?parent=2106"}],"curies":[{"name":"wp","href":"https:\/\/api.w.org\/{rel}","templated":true}]}}

Canapés-lits

<div data-elementor-type="wp-page" data-elementor-id="2106" class="elementor elementor-2106 elementor-31" data-elementor-post-type="page">
				<div class="elementor-element elementor-element-defb7ee e-con-full e-flex e-con e-parent" data-id="defb7ee" data-element_type="container" data-e-type="container" data-settings="{&quot;background_background&quot;:&quot;classic&quot;}">
				<div class="elementor-element elementor-element-f7d77e0 elementor-widget-mobile__width-inherit elementor-widget elementor-widget-heading" data-id="f7d77e0" data-element_type="widget" data-e-type="widget" data-widget_type="heading.default">
					<h1 class="elementor-heading-title elementor-size-default">Canapés-lits à Majorque</h1>				</div>
				</div>
		<div class="elementor-element elementor-element-63e0f37 e-flex e-con-boxed e-con e-parent" data-id="63e0f37" data-element_type="container" data-e-type="container">
					<div class="e-con-inner">
				<div class="elementor-element elementor-element-d0ad753 elementor-widget elementor-widget-text-editor" data-id="d0ad753" data-element_type="widget" data-e-type="widget" data-widget_type="text-editor.default">
									Chaque centimètre d’espace dans votre maison a de la valeur. C’est pourquoi nous proposons un large choix de canapés-lits à Majorque qui non seulement optimisent l’espace, mais garantissent aussi un repos de qualité. Nos canapés-lits sont conçus pour allier style, fonctionnalité et durabilité, faisant de chaque pièce un lieu confortable et chaleureux.  								</div>
				<div class="elementor-element elementor-element-17d6474 elementor-widget elementor-widget-heading" data-id="17d6474" data-element_type="widget" data-e-type="widget" data-widget_type="heading.default">
					<h2 class="elementor-heading-title elementor-size-default">L’importance d’un canapé-lit dans la maison</h2>				</div>
				<div class="elementor-element elementor-element-36ac9be elementor-widget elementor-widget-text-editor" data-id="36ac9be" data-element_type="widget" data-e-type="widget" data-widget_type="text-editor.default">
									Chaque centimètre d’espace dans votre maison a de la valeur. C’est pourquoi nous proposons un large choix de canapés-lits à Majorque qui non seulement optimisent l’espace, mais garantissent aussi un repos de qualité. Nos canapés-lits sont conçus pour allier style, fonctionnalité et durabilité, faisant de chaque pièce un lieu confortable et chaleureux.  								</div>
					</div>
				</div>
		<div class="elementor-element elementor-element-2e82d33 e-flex e-con-boxed e-con e-parent" data-id="2e82d33" data-element_type="container" data-e-type="container">
					<div class="e-con-inner">
		<div class="elementor-element elementor-element-73a9adb e-con-full e-flex e-con e-child" data-id="73a9adb" data-element_type="container" data-e-type="container" data-settings="{&quot;background_background&quot;:&quot;classic&quot;}">
				</div>
		<div class="elementor-element elementor-element-dbde1f0 e-con-full e-flex e-con e-child" data-id="dbde1f0" data-element_type="container" data-e-type="container">
				<div class="elementor-element elementor-element-94a8a67 elementor-widget elementor-widget-heading" data-id="94a8a67" data-element_type="widget" data-e-type="widget" data-widget_type="heading.default">
					<h3 class="elementor-heading-title elementor-size-default">Économisez de l’espace sans sacrifier le style</h3>				</div>
				<div class="elementor-element elementor-element-fa45ff6 elementor-widget elementor-widget-text-editor" data-id="fa45ff6" data-element_type="widget" data-e-type="widget" data-widget_type="text-editor.default">
									L’un des plus grands avantages d’un canapé-lit est sa capacité à économiser de l’espace sans compromettre le style de votre maison. Chez Mundisofa, nous proposons des canapés-lits dans une variété de designs, des plus modernes aux plus classiques, qui s’intègrent parfaitement à toute décoration. Que vous en ayez besoin pour un salon ou une chambre d’amis, nos canapés-lits sont le choix idéal pour maximiser l’utilisation de l’espace disponible.  								</div>
				<div class="elementor-element elementor-element-6c94e60 elementor-widget-divider--view-line elementor-widget elementor-widget-divider" data-id="6c94e60" data-element_type="widget" data-e-type="widget" data-widget_type="divider.default">
							<div class="elementor-divider">
			<span class="elementor-divider-separator">
						</span>
		</div>
						</div>
				</div>
					</div>
				</div>
		<div class="elementor-element elementor-element-3c1765c e-flex e-con-boxed e-con e-parent" data-id="3c1765c" data-element_type="container" data-e-type="container">
					<div class="e-con-inner">
		<div class="elementor-element elementor-element-fb43a2e e-con-full e-flex e-con e-child" data-id="fb43a2e" data-element_type="container" data-e-type="container">
				<div class="elementor-element elementor-element-9163d2a elementor-widget elementor-widget-heading" data-id="9163d2a" data-element_type="widget" data-e-type="widget" data-widget_type="heading.default">
					<h3 class="elementor-heading-title elementor-size-default">Votre espace, plus confortable et fonctionnel que jamais</h3>				</div>
				<div class="elementor-element elementor-element-94e1b5f elementor-widget elementor-widget-text-editor" data-id="94e1b5f" data-element_type="widget" data-e-type="widget" data-widget_type="text-editor.default">
									La qualité d’un canapé-lit est cruciale, non seulement pour sa durabilité, mais aussi pour garantir un sommeil réparateur et permettre une ouverture et une fermeture sans effort. Tous nos canapés-lits sont fabriqués en matériaux haut de gamme, garantissant leur résistance à une utilisation quotidienne sans perdre leur confort ou leur fonctionnalité. De plus, nos modèles sont conçus pour garantir un repos optimal, même dans un espace restreint.								</div>
				<div class="elementor-element elementor-element-76e3f8e elementor-widget-divider--view-line elementor-widget elementor-widget-divider" data-id="76e3f8e" data-element_type="widget" data-e-type="widget" data-widget_type="divider.default">
							<div class="elementor-divider">
			<span class="elementor-divider-separator">
						</span>
		</div>
						</div>
				</div>
		<div class="elementor-element elementor-element-7bd7ef3 e-con-full e-flex e-con e-child" data-id="7bd7ef3" data-element_type="container" data-e-type="container" data-settings="{&quot;background_background&quot;:&quot;classic&quot;}">
				</div>
					</div>
				</div>
		<div class="elementor-element elementor-element-f00aa50 e-flex e-con-boxed e-con e-parent" data-id="f00aa50" data-element_type="container" data-e-type="container">
					<div class="e-con-inner">
				<div class="elementor-element elementor-element-20d3e3c elementor-widget elementor-widget-heading" data-id="20d3e3c" data-element_type="widget" data-e-type="widget" data-widget_type="heading.default">
					<h2 class="elementor-heading-title elementor-size-default">Approche-toi, tout est conçu pour toi</h2>				</div>
				<div class="elementor-element elementor-element-fafdae8 elementor-widget elementor-widget-text-editor" data-id="fafdae8" data-element_type="widget" data-e-type="widget" data-widget_type="text-editor.default">
									<p>Nous sommes au centre de Palma.</p>
<p>Garez-vous sur le <strong>parking de S’Escorxador</strong> et nous tamponnerons votre billet.</p>
<p>Nous vous attendons sans avoir besoin de rendez-vous.</p>								</div>
		<div class="elementor-element elementor-element-d1ad5ca e-con-full e-flex e-con e-child" data-id="d1ad5ca" data-element_type="container" data-e-type="container">
				<div class="elementor-element elementor-element-799bd2a elementor-align-center elementor-mobile-align-justify elementor-widget-mobile__width-inherit elementor-widget elementor-widget-button" data-id="799bd2a" data-element_type="widget" data-e-type="widget" data-widget_type="button.default">
										<a class="elementor-button elementor-button-link elementor-size-sm" href="https://maps.app.goo.gl/chm5KJnyJPgYZedx6" target="_blank" rel="noopener">
						<span class="elementor-button-content-wrapper">
									<span class="elementor-button-text">Comment y arriver</span>
					</span>
					</a>
								</div>
				<div class="elementor-element elementor-element-c1dd20d elementor-align-center elementor-mobile-align-justify elementor-widget-mobile__width-inherit elementor-widget elementor-widget-button" data-id="c1dd20d" data-element_type="widget" data-e-type="widget" data-widget_type="button.default">
										<a class="elementor-button elementor-button-link elementor-size-sm" href="tel:871713264">
						<span class="elementor-button-content-wrapper">
						<span class="elementor-button-icon">
				<svg aria-hidden="true" class="e-font-icon-svg e-fas-phone-alt" viewBox="0 0 512 512" xmlns="http://www.w3.org/2000/svg"><path d="M497.39 361.8l-112-48a24 24 0 0 0-28 6.9l-49.6 60.6A370.66 370.66 0 0 1 130.6 204.11l60.6-49.6a23.94 23.94 0 0 0 6.9-28l-48-112A24.16 24.16 0 0 0 122.6.61l-104 24A24 24 0 0 0 0 48c0 256.5 207.9 464 464 464a24 24 0 0 0 23.4-18.6l24-104a24.29 24.29 0 0 0-14.01-27.6z"></path></svg>			</span>
									<span class="elementor-button-text">Appelez maintenant</span>
					</span>
					</a>
								</div>
				</div>
					</div>
				</div>
				</div>

<p>Canapés-lits à Majorque Chaque centimètre d’espace dans votre maison a de la valeur. C’est pourquoi nous proposons un large choix de canapés-lits à Majorque qui non seulement optimisent l’espace, mais garantissent aussi un repos de qualité. Nos canapés-lits sont conçus pour allier style, fonctionnalité et durabilité, faisant de chaque pièce un lieu confortable et chaleureux. [&hellip;]</p>
