{"id":1859,"date":"2025-10-17T17:45:14","date_gmt":"2025-10-17T15:45:14","guid":{"rendered":"https:\/\/mundisofa.net\/produits\/chaise-longue\/"},"modified":"2026-01-13T18:36:41","modified_gmt":"2026-01-13T17:36:41","slug":"chaise-longue","status":"publish","type":"page","link":"https:\/\/mundisofa.net\/fr\/produits\/chaise-longue\/","title":{"rendered":"Chaise longue"},"content":{"rendered":"\t\t<div data-elementor-type=\"wp-page\" data-elementor-id=\"1859\" class=\"elementor elementor-1859 elementor-30\" data-elementor-post-type=\"page\">\n\t\t\t\t<div class=\"elementor-element elementor-element-e0e22a9 e-con-full e-flex e-con e-parent\" data-id=\"e0e22a9\" data-element_type=\"container\" data-e-type=\"container\" data-settings=\"{&quot;background_background&quot;:&quot;classic&quot;}\">\n\t\t\t\t<div class=\"elementor-element elementor-element-00c75c2 elementor-widget-mobile__width-inherit elementor-widget elementor-widget-heading\" data-id=\"00c75c2\" data-element_type=\"widget\" data-e-type=\"widget\" data-widget_type=\"heading.default\">\n\t\t\t\t\t<h1 class=\"elementor-heading-title elementor-size-default\">Chaise longue Majorque<\/h1>\t\t\t\t<\/div>\n\t\t\t\t<\/div>\n\t\t<div class=\"elementor-element elementor-element-05a2bf1 e-flex e-con-boxed e-con e-parent\" data-id=\"05a2bf1\" data-element_type=\"container\" data-e-type=\"container\">\n\t\t\t\t\t<div class=\"e-con-inner\">\n\t\t\t\t<div class=\"elementor-element elementor-element-1c9604e elementor-widget elementor-widget-text-editor\" data-id=\"1c9604e\" data-element_type=\"widget\" data-e-type=\"widget\" data-widget_type=\"text-editor.default\">\n\t\t\t\t\t\t\t\t\tNous vous proposons une s\u00e9lection soign\u00e9e de chaises longues qui allie parfaitement style, fonctionnalit\u00e9 et confort. Si vous cherchez la chaise longue parfaite \u00e0 Majorque, dans notre magasin vous trouverez une vari\u00e9t\u00e9 d\u2019options adapt\u00e9es \u00e0 tous les espaces et besoins. \t\t\t\t\t\t\t\t<\/div>\n\t\t\t\t<div class=\"elementor-element elementor-element-9f0b8e2 elementor-widget elementor-widget-heading\" data-id=\"9f0b8e2\" data-element_type=\"widget\" data-e-type=\"widget\" data-widget_type=\"heading.default\">\n\t\t\t\t\t<h2 class=\"elementor-heading-title elementor-size-default\">La touche d\u2019\u00e9l\u00e9gance dont votre maison a besoin<\/h2>\t\t\t\t<\/div>\n\t\t\t\t<div class=\"elementor-element elementor-element-8c374e2 elementor-widget elementor-widget-text-editor\" data-id=\"8c374e2\" data-element_type=\"widget\" data-e-type=\"widget\" data-widget_type=\"text-editor.default\">\n\t\t\t\t\t\t\t\t\tLa chaise longue est bien plus qu\u2019une simple chaise ; Ils sont le compl\u00e9ment id\u00e9al pour cr\u00e9er un espace de d\u00e9tente et de raffinement dans votre maison. Nous savons \u00e0 quel point il est important de choisir une pi\u00e8ce qui est non seulement confortable, mais qui refl\u00e8te aussi votre style personnel. C\u2019est pourquoi nous proposons des chaise longues dans une vari\u00e9t\u00e9 de mod\u00e8les, des plus modernes aux plus classiques, afin de vous assurer de trouver l\u2019option qui convient le mieux \u00e0 votre d\u00e9coration.  \t\t\t\t\t\t\t\t<\/div>\n\t\t\t\t\t<\/div>\n\t\t\t\t<\/div>\n\t\t<div class=\"elementor-element elementor-element-a96faac e-flex e-con-boxed e-con e-parent\" data-id=\"a96faac\" data-element_type=\"container\" data-e-type=\"container\">\n\t\t\t\t\t<div class=\"e-con-inner\">\n\t\t<div class=\"elementor-element elementor-element-75d1888 e-con-full e-flex e-con e-child\" data-id=\"75d1888\" data-element_type=\"container\" data-e-type=\"container\" data-settings=\"{&quot;background_background&quot;:&quot;classic&quot;}\">\n\t\t\t\t<\/div>\n\t\t<div class=\"elementor-element elementor-element-d5aaf21 e-con-full e-flex e-con e-child\" data-id=\"d5aaf21\" data-element_type=\"container\" data-e-type=\"container\">\n\t\t\t\t<div class=\"elementor-element elementor-element-c2abfcc elementor-widget elementor-widget-heading\" data-id=\"c2abfcc\" data-element_type=\"widget\" data-e-type=\"widget\" data-widget_type=\"heading.default\">\n\t\t\t\t\t<h3 class=\"elementor-heading-title elementor-size-default\">Chaise longue avec diff\u00e9rents styles et configurations<\/h3>\t\t\t\t<\/div>\n\t\t\t\t<div class=\"elementor-element elementor-element-bd4acb5 elementor-widget elementor-widget-text-editor\" data-id=\"bd4acb5\" data-element_type=\"widget\" data-e-type=\"widget\" data-widget_type=\"text-editor.default\">\n\t\t\t\t\t\t\t\t\tDans notre boutique \u00e0 Palma de Majorque, vous pouvez explorer une large gamme de chaises longues adapt\u00e9es \u00e0 diff\u00e9rents besoins et espaces. Que vous pr\u00e9f\u00e9riez une chaise longue aux lignes contemporaines, rembourr\u00e9e dans des tissus doux et durables, ou un mod\u00e8le plus traditionnel, chez Mundisofa, nous avons ce que vous cherchez. De plus, notre chaise longue peut \u00eatre le compl\u00e9ment parfait d\u2019un salon ou d\u2019un coin lecture, offrant un endroit id\u00e9al pour se d\u00e9tendre apr\u00e8s une longue journ\u00e9e.  \t\t\t\t\t\t\t\t<\/div>\n\t\t\t\t<div class=\"elementor-element elementor-element-02a19af elementor-widget-divider--view-line elementor-widget elementor-widget-divider\" data-id=\"02a19af\" data-element_type=\"widget\" data-e-type=\"widget\" data-widget_type=\"divider.default\">\n\t\t\t\t\t\t\t<div class=\"elementor-divider\">\n\t\t\t<span class=\"elementor-divider-separator\">\n\t\t\t\t\t\t<\/span>\n\t\t<\/div>\n\t\t\t\t\t\t<\/div>\n\t\t\t\t<\/div>\n\t\t\t\t\t<\/div>\n\t\t\t\t<\/div>\n\t\t<div class=\"elementor-element elementor-element-182b840 e-flex e-con-boxed e-con e-parent\" data-id=\"182b840\" data-element_type=\"container\" data-e-type=\"container\">\n\t\t\t\t\t<div class=\"e-con-inner\">\n\t\t<div class=\"elementor-element elementor-element-9be8a13 e-con-full e-flex e-con e-child\" data-id=\"9be8a13\" data-element_type=\"container\" data-e-type=\"container\">\n\t\t\t\t<div class=\"elementor-element elementor-element-14593b2 elementor-widget elementor-widget-heading\" data-id=\"14593b2\" data-element_type=\"widget\" data-e-type=\"widget\" data-widget_type=\"heading.default\">\n\t\t\t\t\t<h3 class=\"elementor-heading-title elementor-size-default\">Confort et fonctionnalit\u00e9 dans un seul meuble<\/h3>\t\t\t\t<\/div>\n\t\t\t\t<div class=\"elementor-element elementor-element-ac9d864 elementor-widget elementor-widget-text-editor\" data-id=\"ac9d864\" data-element_type=\"widget\" data-e-type=\"widget\" data-widget_type=\"text-editor.default\">\n\t\t\t\t\t\t\t\t\tLes chaises longues que nous proposons se distinguent non seulement par leur \u00e9l\u00e9gance, mais aussi par leur fonctionnalit\u00e9. Beaucoup de nos mod\u00e8les proposent des options modulaires, permettant des configurations personnalis\u00e9es en fonction de l\u2019espace disponible dans votre maison. De plus, son design ergonomique garantit un confort optimal, vous permettant de profiter de moments de repos in\u00e9gal\u00e9s. Vous pouvez \u00e9galement demander des tissus anti-taches et adapt\u00e9s aux animaux.   \t\t\t\t\t\t\t\t<\/div>\n\t\t\t\t<div class=\"elementor-element elementor-element-66775db elementor-widget-divider--view-line elementor-widget elementor-widget-divider\" data-id=\"66775db\" data-element_type=\"widget\" data-e-type=\"widget\" data-widget_type=\"divider.default\">\n\t\t\t\t\t\t\t<div class=\"elementor-divider\">\n\t\t\t<span class=\"elementor-divider-separator\">\n\t\t\t\t\t\t<\/span>\n\t\t<\/div>\n\t\t\t\t\t\t<\/div>\n\t\t\t\t<\/div>\n\t\t<div class=\"elementor-element elementor-element-2b05d7c e-con-full e-flex e-con e-child\" data-id=\"2b05d7c\" data-element_type=\"container\" data-e-type=\"container\" data-settings=\"{&quot;background_background&quot;:&quot;classic&quot;}\">\n\t\t\t\t<\/div>\n\t\t\t\t\t<\/div>\n\t\t\t\t<\/div>\n\t\t<div class=\"elementor-element elementor-element-7499f0d e-flex e-con-boxed e-con e-parent\" data-id=\"7499f0d\" data-element_type=\"container\" data-e-type=\"container\">\n\t\t\t\t\t<div class=\"e-con-inner\">\n\t\t\t\t<div class=\"elementor-element elementor-element-71e4ab7 elementor-widget elementor-widget-heading\" data-id=\"71e4ab7\" data-element_type=\"widget\" data-e-type=\"widget\" data-widget_type=\"heading.default\">\n\t\t\t\t\t<h2 class=\"elementor-heading-title elementor-size-default\">Achetez votre chaise longue \u00e0 Palma de Majorque<\/h2>\t\t\t\t<\/div>\n\t\t\t\t<div class=\"elementor-element elementor-element-9e93fca elementor-widget elementor-widget-text-editor\" data-id=\"9e93fca\" data-element_type=\"widget\" data-e-type=\"widget\" data-widget_type=\"text-editor.default\">\n\t\t\t\t\t\t\t\t\tChez Mundisofa, nous sommes fiers d\u2019offrir non seulement des meubles de haute qualit\u00e9, mais aussi un service client exceptionnel. Notre \u00e9quipe est toujours pr\u00eate \u00e0 vous conseiller afin que vous puissiez trouver la chaise longue qui correspond le mieux \u00e0 vos besoins et pr\u00e9f\u00e9rences. Venez nous voir \u00e0 Palma de Majorque et d\u00e9couvrez pourquoi nous sommes le premier choix pour ceux qui recherchent qualit\u00e9 et style dans leurs meubles.  \t\t\t\t\t\t\t\t<\/div>\n\t\t\t\t\t<\/div>\n\t\t\t\t<\/div>\n\t\t<div class=\"elementor-element elementor-element-89fd478 e-flex e-con-boxed e-con e-parent\" data-id=\"89fd478\" data-element_type=\"container\" data-e-type=\"container\">\n\t\t\t\t\t<div class=\"e-con-inner\">\n\t\t\t\t<div class=\"elementor-element elementor-element-37d99fa elementor-widget elementor-widget-heading\" data-id=\"37d99fa\" data-element_type=\"widget\" data-e-type=\"widget\" data-widget_type=\"heading.default\">\n\t\t\t\t\t<h2 class=\"elementor-heading-title elementor-size-default\">Viens nous rencontrer, on te facilite la t\u00e2che<\/h2>\t\t\t\t<\/div>\n\t\t\t\t<div class=\"elementor-element elementor-element-3a8ff50 elementor-widget elementor-widget-text-editor\" data-id=\"3a8ff50\" data-element_type=\"widget\" data-e-type=\"widget\" data-widget_type=\"text-editor.default\">\n\t\t\t\t\t\t\t\t\t<p>Nous sommes au centre de Palma.<\/p>\n<p>Garez-vous sur le <strong>parking de S\u2019Escorxador<\/strong> et nous tamponnerons votre billet.<\/p>\n<p>Nous vous attendons sans avoir besoin de rendez-vous.<\/p>\t\t\t\t\t\t\t\t<\/div>\n\t\t<div class=\"elementor-element elementor-element-a1761b5 e-con-full e-flex e-con e-child\" data-id=\"a1761b5\" data-element_type=\"container\" data-e-type=\"container\">\n\t\t\t\t<div class=\"elementor-element elementor-element-ebeb84e elementor-align-center elementor-mobile-align-justify elementor-widget-mobile__width-inherit elementor-widget elementor-widget-button\" data-id=\"ebeb84e\" data-element_type=\"widget\" data-e-type=\"widget\" data-widget_type=\"button.default\">\n\t\t\t\t\t\t\t\t\t\t<a class=\"elementor-button elementor-button-link elementor-size-sm\" href=\"https:\/\/maps.app.goo.gl\/chm5KJnyJPgYZedx6\" target=\"_blank\" rel=\"noopener\">\n\t\t\t\t\t\t<span class=\"elementor-button-content-wrapper\">\n\t\t\t\t\t\t\t\t\t<span class=\"elementor-button-text\">Comment y arriver<\/span>\n\t\t\t\t\t<\/span>\n\t\t\t\t\t<\/a>\n\t\t\t\t\t\t\t\t<\/div>\n\t\t\t\t<div class=\"elementor-element elementor-element-f5db297 elementor-align-center elementor-mobile-align-justify elementor-widget-mobile__width-inherit elementor-widget elementor-widget-button\" data-id=\"f5db297\" data-element_type=\"widget\" data-e-type=\"widget\" data-widget_type=\"button.default\">\n\t\t\t\t\t\t\t\t\t\t<a class=\"elementor-button elementor-button-link elementor-size-sm\" href=\"tel:871713264\">\n\t\t\t\t\t\t<span class=\"elementor-button-content-wrapper\">\n\t\t\t\t\t\t<span class=\"elementor-button-icon\">\n\t\t\t\t<svg aria-hidden=\"true\" class=\"e-font-icon-svg e-fas-phone-alt\" viewBox=\"0 0 512 512\" xmlns=\"http:\/\/www.w3.org\/2000\/svg\"><path d=\"M497.39 361.8l-112-48a24 24 0 0 0-28 6.9l-49.6 60.6A370.66 370.66 0 0 1 130.6 204.11l60.6-49.6a23.94 23.94 0 0 0 6.9-28l-48-112A24.16 24.16 0 0 0 122.6.61l-104 24A24 24 0 0 0 0 48c0 256.5 207.9 464 464 464a24 24 0 0 0 23.4-18.6l24-104a24.29 24.29 0 0 0-14.01-27.6z\"><\/path><\/svg>\t\t\t<\/span>\n\t\t\t\t\t\t\t\t\t<span class=\"elementor-button-text\">Appelez maintenant<\/span>\n\t\t\t\t\t<\/span>\n\t\t\t\t\t<\/a>\n\t\t\t\t\t\t\t\t<\/div>\n\t\t\t\t<\/div>\n\t\t\t\t\t<\/div>\n\t\t\t\t<\/div>\n\t\t\t\t<\/div>\n\t\t","protected":false},"excerpt":{"rendered":"<p>Chaise longue Majorque Nous vous proposons une s\u00e9lection soign\u00e9e de chaises longues qui allie parfaitement style, fonctionnalit\u00e9 et confort. Si vous cherchez la chaise longue parfaite \u00e0 Majorque, dans notre magasin vous trouverez une vari\u00e9t\u00e9 d\u2019options adapt\u00e9es \u00e0 tous les espaces et besoins. La touche d\u2019\u00e9l\u00e9gance dont votre maison a besoin La chaise longue est [&hellip;]<\/p>\n","protected":false},"author":1,"featured_media":0,"parent":1808,"menu_order":0,"comment_status":"closed","ping_status":"closed","template":"","meta":{"iawp_total_views":2,"_joinchat":[],"footnotes":""},"class_list":["post-1859","page","type-page","status-publish","hentry"],"_links":{"self":[{"href":"https:\/\/mundisofa.net\/fr\/wp-json\/wp\/v2\/pages\/1859","targetHints":{"allow":["GET"]}}],"collection":[{"href":"https:\/\/mundisofa.net\/fr\/wp-json\/wp\/v2\/pages"}],"about":[{"href":"https:\/\/mundisofa.net\/fr\/wp-json\/wp\/v2\/types\/page"}],"author":[{"embeddable":true,"href":"https:\/\/mundisofa.net\/fr\/wp-json\/wp\/v2\/users\/1"}],"replies":[{"embeddable":true,"href":"https:\/\/mundisofa.net\/fr\/wp-json\/wp\/v2\/comments?post=1859"}],"version-history":[{"count":1,"href":"https:\/\/mundisofa.net\/fr\/wp-json\/wp\/v2\/pages\/1859\/revisions"}],"predecessor-version":[{"id":1865,"href":"https:\/\/mundisofa.net\/fr\/wp-json\/wp\/v2\/pages\/1859\/revisions\/1865"}],"up":[{"embeddable":true,"href":"https:\/\/mundisofa.net\/fr\/wp-json\/wp\/v2\/pages\/1808"}],"wp:attachment":[{"href":"https:\/\/mundisofa.net\/fr\/wp-json\/wp\/v2\/media?parent=1859"}],"curies":[{"name":"wp","href":"https:\/\/api.w.org\/{rel}","templated":true}]}}

<div data-elementor-type="wp-page" data-elementor-id="1859" class="elementor elementor-1859 elementor-30" data-elementor-post-type="page">
				<div class="elementor-element elementor-element-e0e22a9 e-con-full e-flex e-con e-parent" data-id="e0e22a9" data-element_type="container" data-e-type="container" data-settings="{&quot;background_background&quot;:&quot;classic&quot;}">
				<div class="elementor-element elementor-element-00c75c2 elementor-widget-mobile__width-inherit elementor-widget elementor-widget-heading" data-id="00c75c2" data-element_type="widget" data-e-type="widget" data-widget_type="heading.default">
					<h1 class="elementor-heading-title elementor-size-default">Chaise longue Majorque</h1>				</div>
				</div>
		<div class="elementor-element elementor-element-05a2bf1 e-flex e-con-boxed e-con e-parent" data-id="05a2bf1" data-element_type="container" data-e-type="container">
					<div class="e-con-inner">
				<div class="elementor-element elementor-element-1c9604e elementor-widget elementor-widget-text-editor" data-id="1c9604e" data-element_type="widget" data-e-type="widget" data-widget_type="text-editor.default">
									Nous vous proposons une sélection soignée de chaises longues qui allie parfaitement style, fonctionnalité et confort. Si vous cherchez la chaise longue parfaite à Majorque, dans notre magasin vous trouverez une variété d’options adaptées à tous les espaces et besoins. 								</div>
				<div class="elementor-element elementor-element-9f0b8e2 elementor-widget elementor-widget-heading" data-id="9f0b8e2" data-element_type="widget" data-e-type="widget" data-widget_type="heading.default">
					<h2 class="elementor-heading-title elementor-size-default">La touche d’élégance dont votre maison a besoin</h2>				</div>
				<div class="elementor-element elementor-element-8c374e2 elementor-widget elementor-widget-text-editor" data-id="8c374e2" data-element_type="widget" data-e-type="widget" data-widget_type="text-editor.default">
									La chaise longue est bien plus qu’une simple chaise ; Ils sont le complément idéal pour créer un espace de détente et de raffinement dans votre maison. Nous savons à quel point il est important de choisir une pièce qui est non seulement confortable, mais qui reflète aussi votre style personnel. C’est pourquoi nous proposons des chaise longues dans une variété de modèles, des plus modernes aux plus classiques, afin de vous assurer de trouver l’option qui convient le mieux à votre décoration.  								</div>
					</div>
				</div>
		<div class="elementor-element elementor-element-a96faac e-flex e-con-boxed e-con e-parent" data-id="a96faac" data-element_type="container" data-e-type="container">
					<div class="e-con-inner">
		<div class="elementor-element elementor-element-75d1888 e-con-full e-flex e-con e-child" data-id="75d1888" data-element_type="container" data-e-type="container" data-settings="{&quot;background_background&quot;:&quot;classic&quot;}">
				</div>
		<div class="elementor-element elementor-element-d5aaf21 e-con-full e-flex e-con e-child" data-id="d5aaf21" data-element_type="container" data-e-type="container">
				<div class="elementor-element elementor-element-c2abfcc elementor-widget elementor-widget-heading" data-id="c2abfcc" data-element_type="widget" data-e-type="widget" data-widget_type="heading.default">
					<h3 class="elementor-heading-title elementor-size-default">Chaise longue avec différents styles et configurations</h3>				</div>
				<div class="elementor-element elementor-element-bd4acb5 elementor-widget elementor-widget-text-editor" data-id="bd4acb5" data-element_type="widget" data-e-type="widget" data-widget_type="text-editor.default">
									Dans notre boutique à Palma de Majorque, vous pouvez explorer une large gamme de chaises longues adaptées à différents besoins et espaces. Que vous préfériez une chaise longue aux lignes contemporaines, rembourrée dans des tissus doux et durables, ou un modèle plus traditionnel, chez Mundisofa, nous avons ce que vous cherchez. De plus, notre chaise longue peut être le complément parfait d’un salon ou d’un coin lecture, offrant un endroit idéal pour se détendre après une longue journée.  								</div>
				<div class="elementor-element elementor-element-02a19af elementor-widget-divider--view-line elementor-widget elementor-widget-divider" data-id="02a19af" data-element_type="widget" data-e-type="widget" data-widget_type="divider.default">
							<div class="elementor-divider">
			<span class="elementor-divider-separator">
						</span>
		</div>
						</div>
				</div>
					</div>
				</div>
		<div class="elementor-element elementor-element-182b840 e-flex e-con-boxed e-con e-parent" data-id="182b840" data-element_type="container" data-e-type="container">
					<div class="e-con-inner">
		<div class="elementor-element elementor-element-9be8a13 e-con-full e-flex e-con e-child" data-id="9be8a13" data-element_type="container" data-e-type="container">
				<div class="elementor-element elementor-element-14593b2 elementor-widget elementor-widget-heading" data-id="14593b2" data-element_type="widget" data-e-type="widget" data-widget_type="heading.default">
					<h3 class="elementor-heading-title elementor-size-default">Confort et fonctionnalité dans un seul meuble</h3>				</div>
				<div class="elementor-element elementor-element-ac9d864 elementor-widget elementor-widget-text-editor" data-id="ac9d864" data-element_type="widget" data-e-type="widget" data-widget_type="text-editor.default">
									Les chaises longues que nous proposons se distinguent non seulement par leur élégance, mais aussi par leur fonctionnalité. Beaucoup de nos modèles proposent des options modulaires, permettant des configurations personnalisées en fonction de l’espace disponible dans votre maison. De plus, son design ergonomique garantit un confort optimal, vous permettant de profiter de moments de repos inégalés. Vous pouvez également demander des tissus anti-taches et adaptés aux animaux.   								</div>
				<div class="elementor-element elementor-element-66775db elementor-widget-divider--view-line elementor-widget elementor-widget-divider" data-id="66775db" data-element_type="widget" data-e-type="widget" data-widget_type="divider.default">
							<div class="elementor-divider">
			<span class="elementor-divider-separator">
						</span>
		</div>
						</div>
				</div>
		<div class="elementor-element elementor-element-2b05d7c e-con-full e-flex e-con e-child" data-id="2b05d7c" data-element_type="container" data-e-type="container" data-settings="{&quot;background_background&quot;:&quot;classic&quot;}">
				</div>
					</div>
				</div>
		<div class="elementor-element elementor-element-7499f0d e-flex e-con-boxed e-con e-parent" data-id="7499f0d" data-element_type="container" data-e-type="container">
					<div class="e-con-inner">
				<div class="elementor-element elementor-element-71e4ab7 elementor-widget elementor-widget-heading" data-id="71e4ab7" data-element_type="widget" data-e-type="widget" data-widget_type="heading.default">
					<h2 class="elementor-heading-title elementor-size-default">Achetez votre chaise longue à Palma de Majorque</h2>				</div>
				<div class="elementor-element elementor-element-9e93fca elementor-widget elementor-widget-text-editor" data-id="9e93fca" data-element_type="widget" data-e-type="widget" data-widget_type="text-editor.default">
									Chez Mundisofa, nous sommes fiers d’offrir non seulement des meubles de haute qualité, mais aussi un service client exceptionnel. Notre équipe est toujours prête à vous conseiller afin que vous puissiez trouver la chaise longue qui correspond le mieux à vos besoins et préférences. Venez nous voir à Palma de Majorque et découvrez pourquoi nous sommes le premier choix pour ceux qui recherchent qualité et style dans leurs meubles.  								</div>
					</div>
				</div>
		<div class="elementor-element elementor-element-89fd478 e-flex e-con-boxed e-con e-parent" data-id="89fd478" data-element_type="container" data-e-type="container">
					<div class="e-con-inner">
				<div class="elementor-element elementor-element-37d99fa elementor-widget elementor-widget-heading" data-id="37d99fa" data-element_type="widget" data-e-type="widget" data-widget_type="heading.default">
					<h2 class="elementor-heading-title elementor-size-default">Viens nous rencontrer, on te facilite la tâche</h2>				</div>
				<div class="elementor-element elementor-element-3a8ff50 elementor-widget elementor-widget-text-editor" data-id="3a8ff50" data-element_type="widget" data-e-type="widget" data-widget_type="text-editor.default">
									<p>Nous sommes au centre de Palma.</p>
<p>Garez-vous sur le <strong>parking de S’Escorxador</strong> et nous tamponnerons votre billet.</p>
<p>Nous vous attendons sans avoir besoin de rendez-vous.</p>								</div>
		<div class="elementor-element elementor-element-a1761b5 e-con-full e-flex e-con e-child" data-id="a1761b5" data-element_type="container" data-e-type="container">
				<div class="elementor-element elementor-element-ebeb84e elementor-align-center elementor-mobile-align-justify elementor-widget-mobile__width-inherit elementor-widget elementor-widget-button" data-id="ebeb84e" data-element_type="widget" data-e-type="widget" data-widget_type="button.default">
										<a class="elementor-button elementor-button-link elementor-size-sm" href="https://maps.app.goo.gl/chm5KJnyJPgYZedx6" target="_blank" rel="noopener">
						<span class="elementor-button-content-wrapper">
									<span class="elementor-button-text">Comment y arriver</span>
					</span>
					</a>
								</div>
				<div class="elementor-element elementor-element-f5db297 elementor-align-center elementor-mobile-align-justify elementor-widget-mobile__width-inherit elementor-widget elementor-widget-button" data-id="f5db297" data-element_type="widget" data-e-type="widget" data-widget_type="button.default">
										<a class="elementor-button elementor-button-link elementor-size-sm" href="tel:871713264">
						<span class="elementor-button-content-wrapper">
						<span class="elementor-button-icon">
				<svg aria-hidden="true" class="e-font-icon-svg e-fas-phone-alt" viewBox="0 0 512 512" xmlns="http://www.w3.org/2000/svg"><path d="M497.39 361.8l-112-48a24 24 0 0 0-28 6.9l-49.6 60.6A370.66 370.66 0 0 1 130.6 204.11l60.6-49.6a23.94 23.94 0 0 0 6.9-28l-48-112A24.16 24.16 0 0 0 122.6.61l-104 24A24 24 0 0 0 0 48c0 256.5 207.9 464 464 464a24 24 0 0 0 23.4-18.6l24-104a24.29 24.29 0 0 0-14.01-27.6z"></path></svg>			</span>
									<span class="elementor-button-text">Appelez maintenant</span>
					</span>
					</a>
								</div>
				</div>
					</div>
				</div>
				</div>

<p>Chaise longue Majorque Nous vous proposons une sélection soignée de chaises longues qui allie parfaitement style, fonctionnalité et confort. Si vous cherchez la chaise longue parfaite à Majorque, dans notre magasin vous trouverez une variété d’options adaptées à tous les espaces et besoins. La touche d’élégance dont votre maison a besoin La chaise longue est [&hellip;]</p>
