{"id":2097,"date":"2025-10-17T17:45:24","date_gmt":"2025-10-17T15:45:24","guid":{"rendered":"https:\/\/mundisofa.net\/produkte\/sofa-betten\/"},"modified":"2026-01-13T18:37:42","modified_gmt":"2026-01-13T17:37:42","slug":"sofa-betten","status":"publish","type":"page","link":"https:\/\/mundisofa.net\/de\/produkte\/sofa-betten\/","title":{"rendered":"Sofa-Betten"},"content":{"rendered":"\t\t<div data-elementor-type=\"wp-page\" data-elementor-id=\"2097\" class=\"elementor elementor-2097 elementor-31\" data-elementor-post-type=\"page\">\n\t\t\t\t<div class=\"elementor-element elementor-element-defb7ee e-con-full e-flex e-con e-parent\" data-id=\"defb7ee\" data-element_type=\"container\" data-e-type=\"container\" data-settings=\"{&quot;background_background&quot;:&quot;classic&quot;}\">\n\t\t\t\t<div class=\"elementor-element elementor-element-f7d77e0 elementor-widget-mobile__width-inherit elementor-widget elementor-widget-heading\" data-id=\"f7d77e0\" data-element_type=\"widget\" data-e-type=\"widget\" data-widget_type=\"heading.default\">\n\t\t\t\t\t<h1 class=\"elementor-heading-title elementor-size-default\">Sofa-Betten Mallorca<\/h1>\t\t\t\t<\/div>\n\t\t\t\t<\/div>\n\t\t<div class=\"elementor-element elementor-element-63e0f37 e-flex e-con-boxed e-con e-parent\" data-id=\"63e0f37\" data-element_type=\"container\" data-e-type=\"container\">\n\t\t\t\t\t<div class=\"e-con-inner\">\n\t\t\t\t<div class=\"elementor-element elementor-element-d0ad753 elementor-widget elementor-widget-text-editor\" data-id=\"d0ad753\" data-element_type=\"widget\" data-e-type=\"widget\" data-widget_type=\"text-editor.default\">\n\t\t\t\t\t\t\t\t\tJeder Zentimeter Raum in Ihrem Zuhause ist wertvoll. Deshalb bieten wir eine gro\u00dfe Auswahl an Schlafsofas auf Mallorca an, die nicht nur den Platz optimieren, sondern auch qualitativ hochwertigen Schlaf garantieren. Unsere Schlafsofas sind so gestaltet, dass sie Stil, Funktionalit\u00e4t und Langlebigkeit verbinden und jeden Raum zu einem komfortablen und gem\u00fctlichen Ort machen.  \t\t\t\t\t\t\t\t<\/div>\n\t\t\t\t<div class=\"elementor-element elementor-element-17d6474 elementor-widget elementor-widget-heading\" data-id=\"17d6474\" data-element_type=\"widget\" data-e-type=\"widget\" data-widget_type=\"heading.default\">\n\t\t\t\t\t<h2 class=\"elementor-heading-title elementor-size-default\">Die Bedeutung eines Schlafsofas im Haus<\/h2>\t\t\t\t<\/div>\n\t\t\t\t<div class=\"elementor-element elementor-element-36ac9be elementor-widget elementor-widget-text-editor\" data-id=\"36ac9be\" data-element_type=\"widget\" data-e-type=\"widget\" data-widget_type=\"text-editor.default\">\n\t\t\t\t\t\t\t\t\tJeder Zentimeter Raum in Ihrem Zuhause ist wertvoll. Deshalb bieten wir eine gro\u00dfe Auswahl an Schlafsofas auf Mallorca an, die nicht nur den Platz optimieren, sondern auch qualitativ hochwertigen Schlaf garantieren. Unsere Schlafsofas sind so gestaltet, dass sie Stil, Funktionalit\u00e4t und Langlebigkeit verbinden und jeden Raum zu einem komfortablen und gem\u00fctlichen Ort machen.  \t\t\t\t\t\t\t\t<\/div>\n\t\t\t\t\t<\/div>\n\t\t\t\t<\/div>\n\t\t<div class=\"elementor-element elementor-element-2e82d33 e-flex e-con-boxed e-con e-parent\" data-id=\"2e82d33\" data-element_type=\"container\" data-e-type=\"container\">\n\t\t\t\t\t<div class=\"e-con-inner\">\n\t\t<div class=\"elementor-element elementor-element-73a9adb e-con-full e-flex e-con e-child\" data-id=\"73a9adb\" data-element_type=\"container\" data-e-type=\"container\" data-settings=\"{&quot;background_background&quot;:&quot;classic&quot;}\">\n\t\t\t\t<\/div>\n\t\t<div class=\"elementor-element elementor-element-dbde1f0 e-con-full e-flex e-con e-child\" data-id=\"dbde1f0\" data-element_type=\"container\" data-e-type=\"container\">\n\t\t\t\t<div class=\"elementor-element elementor-element-94a8a67 elementor-widget elementor-widget-heading\" data-id=\"94a8a67\" data-element_type=\"widget\" data-e-type=\"widget\" data-widget_type=\"heading.default\">\n\t\t\t\t\t<h3 class=\"elementor-heading-title elementor-size-default\">Sparen Sie Platz, ohne den Stil zu opfern<\/h3>\t\t\t\t<\/div>\n\t\t\t\t<div class=\"elementor-element elementor-element-fa45ff6 elementor-widget elementor-widget-text-editor\" data-id=\"fa45ff6\" data-element_type=\"widget\" data-e-type=\"widget\" data-widget_type=\"text-editor.default\">\n\t\t\t\t\t\t\t\t\tEiner der gr\u00f6\u00dften Vorteile eines Schlafsofas ist seine F\u00e4higkeit, Platz zu sparen, ohne den Stil Ihres Zuhauses zu beeintr\u00e4chtigen. Bei Mundisofa bieten wir Schlafsofas in einer Vielzahl von Designs an, von modernsten bis zu klassischsten, die sich perfekt in jede Einrichtung integrieren. Egal, ob Sie es f\u00fcr ein Wohnzimmer oder ein G\u00e4stezimmer ben\u00f6tigen \u2013 unsere Schlafsofas sind die ideale Wahl, um den verf\u00fcgbaren Platz optimal zu nutzen.  \t\t\t\t\t\t\t\t<\/div>\n\t\t\t\t<div class=\"elementor-element elementor-element-6c94e60 elementor-widget-divider--view-line elementor-widget elementor-widget-divider\" data-id=\"6c94e60\" data-element_type=\"widget\" data-e-type=\"widget\" data-widget_type=\"divider.default\">\n\t\t\t\t\t\t\t<div class=\"elementor-divider\">\n\t\t\t<span class=\"elementor-divider-separator\">\n\t\t\t\t\t\t<\/span>\n\t\t<\/div>\n\t\t\t\t\t\t<\/div>\n\t\t\t\t<\/div>\n\t\t\t\t\t<\/div>\n\t\t\t\t<\/div>\n\t\t<div class=\"elementor-element elementor-element-3c1765c e-flex e-con-boxed e-con e-parent\" data-id=\"3c1765c\" data-element_type=\"container\" data-e-type=\"container\">\n\t\t\t\t\t<div class=\"e-con-inner\">\n\t\t<div class=\"elementor-element elementor-element-fb43a2e e-con-full e-flex e-con e-child\" data-id=\"fb43a2e\" data-element_type=\"container\" data-e-type=\"container\">\n\t\t\t\t<div class=\"elementor-element elementor-element-9163d2a elementor-widget elementor-widget-heading\" data-id=\"9163d2a\" data-element_type=\"widget\" data-e-type=\"widget\" data-widget_type=\"heading.default\">\n\t\t\t\t\t<h3 class=\"elementor-heading-title elementor-size-default\">Dein Raum, bequemer und funktionaler als je zuvor<\/h3>\t\t\t\t<\/div>\n\t\t\t\t<div class=\"elementor-element elementor-element-94e1b5f elementor-widget elementor-widget-text-editor\" data-id=\"94e1b5f\" data-element_type=\"widget\" data-e-type=\"widget\" data-widget_type=\"text-editor.default\">\n\t\t\t\t\t\t\t\t\tDie Qualit\u00e4t eines Schlafsofas ist entscheidend, nicht nur wegen seiner Haltbarkeit, sondern auch, um einen erholsamen Schlaf zu gew\u00e4hrleisten und ein m\u00fcheloses \u00d6ffnen und Schlie\u00dfen zu erm\u00f6glichen. Alle unsere Schlafsofas bestehen aus hochwertigen Materialien, sodass sie der t\u00e4glichen Nutzung standhalten, ohne an Komfort oder Funktionalit\u00e4t zu verlieren. Au\u00dferdem sind unsere Modelle so konzipiert, dass sie auch auf kleinem Raum einen optimalen Schlaf gew\u00e4hrleisten.\t\t\t\t\t\t\t\t<\/div>\n\t\t\t\t<div class=\"elementor-element elementor-element-76e3f8e elementor-widget-divider--view-line elementor-widget elementor-widget-divider\" data-id=\"76e3f8e\" data-element_type=\"widget\" data-e-type=\"widget\" data-widget_type=\"divider.default\">\n\t\t\t\t\t\t\t<div class=\"elementor-divider\">\n\t\t\t<span class=\"elementor-divider-separator\">\n\t\t\t\t\t\t<\/span>\n\t\t<\/div>\n\t\t\t\t\t\t<\/div>\n\t\t\t\t<\/div>\n\t\t<div class=\"elementor-element elementor-element-7bd7ef3 e-con-full e-flex e-con e-child\" data-id=\"7bd7ef3\" data-element_type=\"container\" data-e-type=\"container\" data-settings=\"{&quot;background_background&quot;:&quot;classic&quot;}\">\n\t\t\t\t<\/div>\n\t\t\t\t\t<\/div>\n\t\t\t\t<\/div>\n\t\t<div class=\"elementor-element elementor-element-f00aa50 e-flex e-con-boxed e-con e-parent\" data-id=\"f00aa50\" data-element_type=\"container\" data-e-type=\"container\">\n\t\t\t\t\t<div class=\"e-con-inner\">\n\t\t\t\t<div class=\"elementor-element elementor-element-20d3e3c elementor-widget elementor-widget-heading\" data-id=\"20d3e3c\" data-element_type=\"widget\" data-e-type=\"widget\" data-widget_type=\"heading.default\">\n\t\t\t\t\t<h2 class=\"elementor-heading-title elementor-size-default\">Komm n\u00e4her, alles ist f\u00fcr dich gemacht<\/h2>\t\t\t\t<\/div>\n\t\t\t\t<div class=\"elementor-element elementor-element-fafdae8 elementor-widget elementor-widget-text-editor\" data-id=\"fafdae8\" data-element_type=\"widget\" data-e-type=\"widget\" data-widget_type=\"text-editor.default\">\n\t\t\t\t\t\t\t\t\t<p>Wir sind im Zentrum von Palma.<\/p>\n<p>Parken Sie auf dem <strong>Parkplatz S&#8217;Escorxador<\/strong> und wir stempeln Ihr Ticket.<\/p>\n<p>Wir warten auf Sie, ohne dass Sie einen Termin ben\u00f6tigen.<\/p>\t\t\t\t\t\t\t\t<\/div>\n\t\t<div class=\"elementor-element elementor-element-d1ad5ca e-con-full e-flex e-con e-child\" data-id=\"d1ad5ca\" data-element_type=\"container\" data-e-type=\"container\">\n\t\t\t\t<div class=\"elementor-element elementor-element-799bd2a elementor-align-center elementor-mobile-align-justify elementor-widget-mobile__width-inherit elementor-widget elementor-widget-button\" data-id=\"799bd2a\" data-element_type=\"widget\" data-e-type=\"widget\" data-widget_type=\"button.default\">\n\t\t\t\t\t\t\t\t\t\t<a class=\"elementor-button elementor-button-link elementor-size-sm\" href=\"https:\/\/maps.app.goo.gl\/chm5KJnyJPgYZedx6\" target=\"_blank\" rel=\"noopener\">\n\t\t\t\t\t\t<span class=\"elementor-button-content-wrapper\">\n\t\t\t\t\t\t\t\t\t<span class=\"elementor-button-text\">Anfahrt<\/span>\n\t\t\t\t\t<\/span>\n\t\t\t\t\t<\/a>\n\t\t\t\t\t\t\t\t<\/div>\n\t\t\t\t<div class=\"elementor-element elementor-element-c1dd20d elementor-align-center elementor-mobile-align-justify elementor-widget-mobile__width-inherit elementor-widget elementor-widget-button\" data-id=\"c1dd20d\" data-element_type=\"widget\" data-e-type=\"widget\" data-widget_type=\"button.default\">\n\t\t\t\t\t\t\t\t\t\t<a class=\"elementor-button elementor-button-link elementor-size-sm\" href=\"tel:871713264\">\n\t\t\t\t\t\t<span class=\"elementor-button-content-wrapper\">\n\t\t\t\t\t\t<span class=\"elementor-button-icon\">\n\t\t\t\t<svg aria-hidden=\"true\" class=\"e-font-icon-svg e-fas-phone-alt\" viewBox=\"0 0 512 512\" xmlns=\"http:\/\/www.w3.org\/2000\/svg\"><path d=\"M497.39 361.8l-112-48a24 24 0 0 0-28 6.9l-49.6 60.6A370.66 370.66 0 0 1 130.6 204.11l60.6-49.6a23.94 23.94 0 0 0 6.9-28l-48-112A24.16 24.16 0 0 0 122.6.61l-104 24A24 24 0 0 0 0 48c0 256.5 207.9 464 464 464a24 24 0 0 0 23.4-18.6l24-104a24.29 24.29 0 0 0-14.01-27.6z\"><\/path><\/svg>\t\t\t<\/span>\n\t\t\t\t\t\t\t\t\t<span class=\"elementor-button-text\">Ruf jetzt an<\/span>\n\t\t\t\t\t<\/span>\n\t\t\t\t\t<\/a>\n\t\t\t\t\t\t\t\t<\/div>\n\t\t\t\t<\/div>\n\t\t\t\t\t<\/div>\n\t\t\t\t<\/div>\n\t\t\t\t<\/div>\n\t\t","protected":false},"excerpt":{"rendered":"<p>Sofa-Betten Mallorca Jeder Zentimeter Raum in Ihrem Zuhause ist wertvoll. Deshalb bieten wir eine gro\u00dfe Auswahl an Schlafsofas auf Mallorca an, die nicht nur den Platz optimieren, sondern auch qualitativ hochwertigen Schlaf garantieren. Unsere Schlafsofas sind so gestaltet, dass sie Stil, Funktionalit\u00e4t und Langlebigkeit verbinden und jeden Raum zu einem komfortablen und gem\u00fctlichen Ort machen. [&hellip;]<\/p>\n","protected":false},"author":1,"featured_media":0,"parent":1816,"menu_order":0,"comment_status":"closed","ping_status":"closed","template":"","meta":{"iawp_total_views":56,"_joinchat":[],"footnotes":""},"class_list":["post-2097","page","type-page","status-publish","hentry"],"_links":{"self":[{"href":"https:\/\/mundisofa.net\/de\/wp-json\/wp\/v2\/pages\/2097","targetHints":{"allow":["GET"]}}],"collection":[{"href":"https:\/\/mundisofa.net\/de\/wp-json\/wp\/v2\/pages"}],"about":[{"href":"https:\/\/mundisofa.net\/de\/wp-json\/wp\/v2\/types\/page"}],"author":[{"embeddable":true,"href":"https:\/\/mundisofa.net\/de\/wp-json\/wp\/v2\/users\/1"}],"replies":[{"embeddable":true,"href":"https:\/\/mundisofa.net\/de\/wp-json\/wp\/v2\/comments?post=2097"}],"version-history":[{"count":1,"href":"https:\/\/mundisofa.net\/de\/wp-json\/wp\/v2\/pages\/2097\/revisions"}],"predecessor-version":[{"id":2105,"href":"https:\/\/mundisofa.net\/de\/wp-json\/wp\/v2\/pages\/2097\/revisions\/2105"}],"up":[{"embeddable":true,"href":"https:\/\/mundisofa.net\/de\/wp-json\/wp\/v2\/pages\/1816"}],"wp:attachment":[{"href":"https:\/\/mundisofa.net\/de\/wp-json\/wp\/v2\/media?parent=2097"}],"curies":[{"name":"wp","href":"https:\/\/api.w.org\/{rel}","templated":true}]}}

<div data-elementor-type="wp-page" data-elementor-id="2097" class="elementor elementor-2097 elementor-31" data-elementor-post-type="page">
				<div class="elementor-element elementor-element-defb7ee e-con-full e-flex e-con e-parent" data-id="defb7ee" data-element_type="container" data-e-type="container" data-settings="{&quot;background_background&quot;:&quot;classic&quot;}">
				<div class="elementor-element elementor-element-f7d77e0 elementor-widget-mobile__width-inherit elementor-widget elementor-widget-heading" data-id="f7d77e0" data-element_type="widget" data-e-type="widget" data-widget_type="heading.default">
					<h1 class="elementor-heading-title elementor-size-default">Sofa-Betten Mallorca</h1>				</div>
				</div>
		<div class="elementor-element elementor-element-63e0f37 e-flex e-con-boxed e-con e-parent" data-id="63e0f37" data-element_type="container" data-e-type="container">
					<div class="e-con-inner">
				<div class="elementor-element elementor-element-d0ad753 elementor-widget elementor-widget-text-editor" data-id="d0ad753" data-element_type="widget" data-e-type="widget" data-widget_type="text-editor.default">
									Jeder Zentimeter Raum in Ihrem Zuhause ist wertvoll. Deshalb bieten wir eine große Auswahl an Schlafsofas auf Mallorca an, die nicht nur den Platz optimieren, sondern auch qualitativ hochwertigen Schlaf garantieren. Unsere Schlafsofas sind so gestaltet, dass sie Stil, Funktionalität und Langlebigkeit verbinden und jeden Raum zu einem komfortablen und gemütlichen Ort machen.  								</div>
				<div class="elementor-element elementor-element-17d6474 elementor-widget elementor-widget-heading" data-id="17d6474" data-element_type="widget" data-e-type="widget" data-widget_type="heading.default">
					<h2 class="elementor-heading-title elementor-size-default">Die Bedeutung eines Schlafsofas im Haus</h2>				</div>
				<div class="elementor-element elementor-element-36ac9be elementor-widget elementor-widget-text-editor" data-id="36ac9be" data-element_type="widget" data-e-type="widget" data-widget_type="text-editor.default">
									Jeder Zentimeter Raum in Ihrem Zuhause ist wertvoll. Deshalb bieten wir eine große Auswahl an Schlafsofas auf Mallorca an, die nicht nur den Platz optimieren, sondern auch qualitativ hochwertigen Schlaf garantieren. Unsere Schlafsofas sind so gestaltet, dass sie Stil, Funktionalität und Langlebigkeit verbinden und jeden Raum zu einem komfortablen und gemütlichen Ort machen.  								</div>
					</div>
				</div>
		<div class="elementor-element elementor-element-2e82d33 e-flex e-con-boxed e-con e-parent" data-id="2e82d33" data-element_type="container" data-e-type="container">
					<div class="e-con-inner">
		<div class="elementor-element elementor-element-73a9adb e-con-full e-flex e-con e-child" data-id="73a9adb" data-element_type="container" data-e-type="container" data-settings="{&quot;background_background&quot;:&quot;classic&quot;}">
				</div>
		<div class="elementor-element elementor-element-dbde1f0 e-con-full e-flex e-con e-child" data-id="dbde1f0" data-element_type="container" data-e-type="container">
				<div class="elementor-element elementor-element-94a8a67 elementor-widget elementor-widget-heading" data-id="94a8a67" data-element_type="widget" data-e-type="widget" data-widget_type="heading.default">
					<h3 class="elementor-heading-title elementor-size-default">Sparen Sie Platz, ohne den Stil zu opfern</h3>				</div>
				<div class="elementor-element elementor-element-fa45ff6 elementor-widget elementor-widget-text-editor" data-id="fa45ff6" data-element_type="widget" data-e-type="widget" data-widget_type="text-editor.default">
									Einer der größten Vorteile eines Schlafsofas ist seine Fähigkeit, Platz zu sparen, ohne den Stil Ihres Zuhauses zu beeinträchtigen. Bei Mundisofa bieten wir Schlafsofas in einer Vielzahl von Designs an, von modernsten bis zu klassischsten, die sich perfekt in jede Einrichtung integrieren. Egal, ob Sie es für ein Wohnzimmer oder ein Gästezimmer benötigen – unsere Schlafsofas sind die ideale Wahl, um den verfügbaren Platz optimal zu nutzen.  								</div>
				<div class="elementor-element elementor-element-6c94e60 elementor-widget-divider--view-line elementor-widget elementor-widget-divider" data-id="6c94e60" data-element_type="widget" data-e-type="widget" data-widget_type="divider.default">
							<div class="elementor-divider">
			<span class="elementor-divider-separator">
						</span>
		</div>
						</div>
				</div>
					</div>
				</div>
		<div class="elementor-element elementor-element-3c1765c e-flex e-con-boxed e-con e-parent" data-id="3c1765c" data-element_type="container" data-e-type="container">
					<div class="e-con-inner">
		<div class="elementor-element elementor-element-fb43a2e e-con-full e-flex e-con e-child" data-id="fb43a2e" data-element_type="container" data-e-type="container">
				<div class="elementor-element elementor-element-9163d2a elementor-widget elementor-widget-heading" data-id="9163d2a" data-element_type="widget" data-e-type="widget" data-widget_type="heading.default">
					<h3 class="elementor-heading-title elementor-size-default">Dein Raum, bequemer und funktionaler als je zuvor</h3>				</div>
				<div class="elementor-element elementor-element-94e1b5f elementor-widget elementor-widget-text-editor" data-id="94e1b5f" data-element_type="widget" data-e-type="widget" data-widget_type="text-editor.default">
									Die Qualität eines Schlafsofas ist entscheidend, nicht nur wegen seiner Haltbarkeit, sondern auch, um einen erholsamen Schlaf zu gewährleisten und ein müheloses Öffnen und Schließen zu ermöglichen. Alle unsere Schlafsofas bestehen aus hochwertigen Materialien, sodass sie der täglichen Nutzung standhalten, ohne an Komfort oder Funktionalität zu verlieren. Außerdem sind unsere Modelle so konzipiert, dass sie auch auf kleinem Raum einen optimalen Schlaf gewährleisten.								</div>
				<div class="elementor-element elementor-element-76e3f8e elementor-widget-divider--view-line elementor-widget elementor-widget-divider" data-id="76e3f8e" data-element_type="widget" data-e-type="widget" data-widget_type="divider.default">
							<div class="elementor-divider">
			<span class="elementor-divider-separator">
						</span>
		</div>
						</div>
				</div>
		<div class="elementor-element elementor-element-7bd7ef3 e-con-full e-flex e-con e-child" data-id="7bd7ef3" data-element_type="container" data-e-type="container" data-settings="{&quot;background_background&quot;:&quot;classic&quot;}">
				</div>
					</div>
				</div>
		<div class="elementor-element elementor-element-f00aa50 e-flex e-con-boxed e-con e-parent" data-id="f00aa50" data-element_type="container" data-e-type="container">
					<div class="e-con-inner">
				<div class="elementor-element elementor-element-20d3e3c elementor-widget elementor-widget-heading" data-id="20d3e3c" data-element_type="widget" data-e-type="widget" data-widget_type="heading.default">
					<h2 class="elementor-heading-title elementor-size-default">Komm näher, alles ist für dich gemacht</h2>				</div>
				<div class="elementor-element elementor-element-fafdae8 elementor-widget elementor-widget-text-editor" data-id="fafdae8" data-element_type="widget" data-e-type="widget" data-widget_type="text-editor.default">
									<p>Wir sind im Zentrum von Palma.</p>
<p>Parken Sie auf dem <strong>Parkplatz S&#8217;Escorxador</strong> und wir stempeln Ihr Ticket.</p>
<p>Wir warten auf Sie, ohne dass Sie einen Termin benötigen.</p>								</div>
		<div class="elementor-element elementor-element-d1ad5ca e-con-full e-flex e-con e-child" data-id="d1ad5ca" data-element_type="container" data-e-type="container">
				<div class="elementor-element elementor-element-799bd2a elementor-align-center elementor-mobile-align-justify elementor-widget-mobile__width-inherit elementor-widget elementor-widget-button" data-id="799bd2a" data-element_type="widget" data-e-type="widget" data-widget_type="button.default">
										<a class="elementor-button elementor-button-link elementor-size-sm" href="https://maps.app.goo.gl/chm5KJnyJPgYZedx6" target="_blank" rel="noopener">
						<span class="elementor-button-content-wrapper">
									<span class="elementor-button-text">Anfahrt</span>
					</span>
					</a>
								</div>
				<div class="elementor-element elementor-element-c1dd20d elementor-align-center elementor-mobile-align-justify elementor-widget-mobile__width-inherit elementor-widget elementor-widget-button" data-id="c1dd20d" data-element_type="widget" data-e-type="widget" data-widget_type="button.default">
										<a class="elementor-button elementor-button-link elementor-size-sm" href="tel:871713264">
						<span class="elementor-button-content-wrapper">
						<span class="elementor-button-icon">
				<svg aria-hidden="true" class="e-font-icon-svg e-fas-phone-alt" viewBox="0 0 512 512" xmlns="http://www.w3.org/2000/svg"><path d="M497.39 361.8l-112-48a24 24 0 0 0-28 6.9l-49.6 60.6A370.66 370.66 0 0 1 130.6 204.11l60.6-49.6a23.94 23.94 0 0 0 6.9-28l-48-112A24.16 24.16 0 0 0 122.6.61l-104 24A24 24 0 0 0 0 48c0 256.5 207.9 464 464 464a24 24 0 0 0 23.4-18.6l24-104a24.29 24.29 0 0 0-14.01-27.6z"></path></svg>			</span>
									<span class="elementor-button-text">Ruf jetzt an</span>
					</span>
					</a>
								</div>
				</div>
					</div>
				</div>
				</div>

<p>Sofa-Betten Mallorca Jeder Zentimeter Raum in Ihrem Zuhause ist wertvoll. Deshalb bieten wir eine große Auswahl an Schlafsofas auf Mallorca an, die nicht nur den Platz optimieren, sondern auch qualitativ hochwertigen Schlaf garantieren. Unsere Schlafsofas sind so gestaltet, dass sie Stil, Funktionalität und Langlebigkeit verbinden und jeden Raum zu einem komfortablen und gemütlichen Ort machen. [&hellip;]</p>
