{"id":2087,"date":"2025-10-17T17:45:32","date_gmt":"2025-10-17T15:45:32","guid":{"rendered":"https:\/\/mundisofa.net\/produkte\/geriatrischer-sessel\/"},"modified":"2026-01-13T18:37:41","modified_gmt":"2026-01-13T17:37:41","slug":"geriatrischer-sessel","status":"publish","type":"page","link":"https:\/\/mundisofa.net\/de\/produkte\/geriatrischer-sessel\/","title":{"rendered":"Geriatrischer Sessel"},"content":{"rendered":"\t\t<div data-elementor-type=\"wp-page\" data-elementor-id=\"2087\" class=\"elementor elementor-2087 elementor-32\" data-elementor-post-type=\"page\">\n\t\t\t\t<div class=\"elementor-element elementor-element-29490b4 e-con-full e-flex e-con e-parent\" data-id=\"29490b4\" data-element_type=\"container\" data-e-type=\"container\" data-settings=\"{&quot;background_background&quot;:&quot;classic&quot;}\">\n\t\t\t\t<div class=\"elementor-element elementor-element-d0c624d elementor-widget-mobile__width-inherit elementor-widget elementor-widget-heading\" data-id=\"d0c624d\" data-element_type=\"widget\" data-e-type=\"widget\" data-widget_type=\"heading.default\">\n\t\t\t\t\t<h1 class=\"elementor-heading-title elementor-size-default\">Geriatrische Sitze auf Mallorca<\/h1>\t\t\t\t<\/div>\n\t\t\t\t<\/div>\n\t\t<div class=\"elementor-element elementor-element-79bb4dd e-flex e-con-boxed e-con e-parent\" data-id=\"79bb4dd\" data-element_type=\"container\" data-e-type=\"container\">\n\t\t\t\t\t<div class=\"e-con-inner\">\n\t\t\t\t<div class=\"elementor-element elementor-element-a2bec35 elementor-widget elementor-widget-text-editor\" data-id=\"a2bec35\" data-element_type=\"widget\" data-e-type=\"widget\" data-widget_type=\"text-editor.default\">\n\t\t\t\t\t\t\t\t\tWie wichtig sind Komfort und Sicherheit f\u00fcr \u00e4ltere Menschen oder Menschen mit Mobilit\u00e4tsproblemen. Aus diesem Grund bieten wir Ihnen eine Auswahl an geriatrischen Sitzen auf Mallorca an, die speziell darauf ausgelegt sind, den Alltag zu erleichtern und nicht nur Komfort, sondern auch Unterst\u00fctzung und Unterst\u00fctzung beim Sitzen und Aufstehen bieten. \t\t\t\t\t\t\t\t<\/div>\n\t\t\t\t<div class=\"elementor-element elementor-element-7fd1614 elementor-widget elementor-widget-heading\" data-id=\"7fd1614\" data-element_type=\"widget\" data-e-type=\"widget\" data-widget_type=\"heading.default\">\n\t\t\t\t\t<h2 class=\"elementor-heading-title elementor-size-default\">Motorisierte Sitze sorgen f\u00fcr mehr Komfort und Autonomie<\/h2>\t\t\t\t<\/div>\n\t\t\t\t<div class=\"elementor-element elementor-element-e41b0a7 elementor-widget elementor-widget-text-editor\" data-id=\"e41b0a7\" data-element_type=\"widget\" data-e-type=\"widget\" data-widget_type=\"text-editor.default\">\n\t\t\t\t\t\t\t\t\tUnsere motorisierten geriatrischen Sitze sind darauf ausgelegt, das Leben f\u00fcr Menschen zu erleichtern, die im Alltag etwas mehr Unterst\u00fctzung ben\u00f6tigen. Mit einem Knopfdruck lassen sich diese Sessel sanft zur\u00fccklehnen oder anheben, sodass Sie m\u00fchelos sitzen oder aufstehen k\u00f6nnen. Dieses elektrische System ist ideal f\u00fcr Menschen mit Mobilit\u00e4tsproblemen, Arthritis, R\u00fcckenschmerzen oder die einfach mehr Unterst\u00fctzung beim Bewegen ben\u00f6tigen.  \t\t\t\t\t\t\t\t<\/div>\n\t\t\t\t\t<\/div>\n\t\t\t\t<\/div>\n\t\t<div class=\"elementor-element elementor-element-91881a1 e-flex e-con-boxed e-con e-parent\" data-id=\"91881a1\" data-element_type=\"container\" data-e-type=\"container\">\n\t\t\t\t\t<div class=\"e-con-inner\">\n\t\t\t\t<div class=\"elementor-element elementor-element-032362f elementor-widget elementor-widget-heading\" data-id=\"032362f\" data-element_type=\"widget\" data-e-type=\"widget\" data-widget_type=\"heading.default\">\n\t\t\t\t\t<h2 class=\"elementor-heading-title elementor-size-default\">Vorteile motorisierter geriatrischer Sitze<\/h2>\t\t\t\t<\/div>\n\t\t\t\t\t<\/div>\n\t\t\t\t<\/div>\n\t\t<div class=\"elementor-element elementor-element-b36db39 e-flex e-con-boxed e-con e-parent\" data-id=\"b36db39\" data-element_type=\"container\" data-e-type=\"container\">\n\t\t\t\t\t<div class=\"e-con-inner\">\n\t\t<div class=\"elementor-element elementor-element-9c4d407 e-con-full e-flex e-con e-child\" data-id=\"9c4d407\" data-element_type=\"container\" data-e-type=\"container\" data-settings=\"{&quot;background_background&quot;:&quot;classic&quot;}\">\n\t\t\t\t<\/div>\n\t\t<div class=\"elementor-element elementor-element-7b9a31f e-con-full e-flex e-con e-child\" data-id=\"7b9a31f\" data-element_type=\"container\" data-e-type=\"container\" data-settings=\"{&quot;background_background&quot;:&quot;classic&quot;}\">\n\t\t\t\t<\/div>\n\t\t<div class=\"elementor-element elementor-element-717490b e-con-full e-flex e-con e-child\" data-id=\"717490b\" data-element_type=\"container\" data-e-type=\"container\">\n\t\t\t\t<div class=\"elementor-element elementor-element-7148316 elementor-widget elementor-widget-text-editor\" data-id=\"7148316\" data-element_type=\"widget\" data-e-type=\"widget\" data-widget_type=\"text-editor.default\">\n\t\t\t\t\t\t\t\t\t<ul>\n<li><strong>Einfach zu sitzen und aufzustehen<\/strong>: Dank ihres Hebemechanismus erm\u00f6glichen die motorisierten Sitze \u00e4lteren Menschen oder Menschen mit eingeschr\u00e4nkter Mobilit\u00e4t m\u00fchelos Sitzen und Aufstehen, was das Risiko von St\u00fcrzen oder Verletzungen verringert.<\/li>\n<li><strong>Ergonomischer Komfort<\/strong>: Diese Sessel sind darauf ausgelegt, maximalen Komfort zu bieten, mit Fu\u00dfst\u00fctzen und einer verstellbaren R\u00fcckenlehne, die es erm\u00f6glichen, die Haltung f\u00fcr optimale Entspannung anzupassen. Dies ist besonders vorteilhaft f\u00fcr Menschen, die viel sitzend verbringen, und hilft, Muskelschmerzen und -zerrungen vorzubeugen. <\/li>\n<li><strong>Hilft bei der t\u00e4glichen Mobilit\u00e4t<\/strong>: Indem sie dem Nutzer sanfte und kontrollierte Unterst\u00fctzung bieten, erm\u00f6glichen motorisierte geriatrische Sitze den \u00e4lteren Menschen, eine gewisse Unabh\u00e4ngigkeit in ihren t\u00e4glichen Aktivit\u00e4ten zu bewahren und so ihre Lebensqualit\u00e4t zu verbessern.<\/li>\n<li><strong>Mehrere verstellbare Sitze<\/strong>: Unsere motorisierten Sitze bieten mehrere verstellbare Positionen, von einer vollst\u00e4ndigen Lehnung zum Ruhen bis hin zu einer vollst\u00e4ndig erh\u00f6hten Position f\u00fcr einfaches Anheben. Dadurch sind die Sitze nicht nur zum Entspannen n\u00fctzlich, sondern auch zum Lesen, Fernsehen oder sogar zum Schlafen. <\/li>\n<\/ul>\t\t\t\t\t\t\t\t<\/div>\n\t\t\t\t<\/div>\n\t\t\t\t\t<\/div>\n\t\t\t\t<\/div>\n\t\t<div class=\"elementor-element elementor-element-2ab5b96 e-flex e-con-boxed e-con e-parent\" data-id=\"2ab5b96\" data-element_type=\"container\" data-e-type=\"container\">\n\t\t\t\t\t<div class=\"e-con-inner\">\n\t\t\t\t<div class=\"elementor-element elementor-element-04e056e elementor-widget elementor-widget-heading\" data-id=\"04e056e\" data-element_type=\"widget\" data-e-type=\"widget\" data-widget_type=\"heading.default\">\n\t\t\t\t\t<h2 class=\"elementor-heading-title elementor-size-default\">Sessel f\u00fcr \u00e4ltere Menschen in Palma de Mallorca<\/h2>\t\t\t\t<\/div>\n\t\t\t\t<div class=\"elementor-element elementor-element-03736cb elementor-widget elementor-widget-text-editor\" data-id=\"03736cb\" data-element_type=\"widget\" data-e-type=\"widget\" data-widget_type=\"text-editor.default\">\n\t\t\t\t\t\t\t\t\t<p>Wir sind darauf spezialisiert, Ihnen dabei zu helfen, den geriatrischen Sitz zu finden, der am besten zu den Komfort- und Unterst\u00fctzungsbed\u00fcrfnissen Ihrer Angeh\u00f6rigen passt. Unser Expertenteam ist stets bereit, Sie zu beraten und sicherzustellen, dass Sie die perfekte Option finden, indem es ma\u00dfgeschneiderte L\u00f6sungen basierend auf den Mobilit\u00e4tsanforderungen und den Pr\u00e4ferenzen jeder Person bietet. <\/p>\n<p>Besuchen Sie unsere Ausstellung in Palma de Mallorca und entdecken Sie selbst, warum unsere geriatrischen Sitze die ideale Wahl sind, um den Komfort und die Sicherheit von \u00e4lteren Menschen oder Menschen mit eingeschr\u00e4nkter Mobilit\u00e4t zu gew\u00e4hrleisten.<\/p>\t\t\t\t\t\t\t\t<\/div>\n\t\t\t\t\t<\/div>\n\t\t\t\t<\/div>\n\t\t<div class=\"elementor-element elementor-element-bc2de13 e-flex e-con-boxed e-con e-parent\" data-id=\"bc2de13\" data-element_type=\"container\" data-e-type=\"container\">\n\t\t\t\t\t<div class=\"e-con-inner\">\n\t\t\t\t<div class=\"elementor-element elementor-element-e573ccc elementor-widget elementor-widget-heading\" data-id=\"e573ccc\" data-element_type=\"widget\" data-e-type=\"widget\" data-widget_type=\"heading.default\">\n\t\t\t\t\t<h2 class=\"elementor-heading-title elementor-size-default\">Komm n\u00e4her, wir sind dein \u00fcblicher Laden<\/h2>\t\t\t\t<\/div>\n\t\t\t\t<div class=\"elementor-element elementor-element-f8d0734 elementor-widget elementor-widget-text-editor\" data-id=\"f8d0734\" data-element_type=\"widget\" data-e-type=\"widget\" data-widget_type=\"text-editor.default\">\n\t\t\t\t\t\t\t\t\t<p>Wir sind im Zentrum von Palma.<\/p>\n<p>Parken Sie auf dem <strong>Parkplatz S&#8217;Escorxador<\/strong> und wir stempeln Ihr Ticket.<\/p>\n<p>Wir warten auf Sie, ohne dass Sie einen Termin ben\u00f6tigen.<\/p>\t\t\t\t\t\t\t\t<\/div>\n\t\t<div class=\"elementor-element elementor-element-abbefd6 e-con-full e-flex e-con e-child\" data-id=\"abbefd6\" data-element_type=\"container\" data-e-type=\"container\">\n\t\t\t\t<div class=\"elementor-element elementor-element-1ecdea9 elementor-align-center elementor-mobile-align-justify elementor-widget-mobile__width-inherit elementor-widget elementor-widget-button\" data-id=\"1ecdea9\" data-element_type=\"widget\" data-e-type=\"widget\" data-widget_type=\"button.default\">\n\t\t\t\t\t\t\t\t\t\t<a class=\"elementor-button elementor-button-link elementor-size-sm\" href=\"https:\/\/maps.app.goo.gl\/chm5KJnyJPgYZedx6\" target=\"_blank\" rel=\"noopener\">\n\t\t\t\t\t\t<span class=\"elementor-button-content-wrapper\">\n\t\t\t\t\t\t\t\t\t<span class=\"elementor-button-text\">Anfahrt<\/span>\n\t\t\t\t\t<\/span>\n\t\t\t\t\t<\/a>\n\t\t\t\t\t\t\t\t<\/div>\n\t\t\t\t<div class=\"elementor-element elementor-element-02caa36 elementor-align-center elementor-mobile-align-justify elementor-widget-mobile__width-inherit elementor-widget elementor-widget-button\" data-id=\"02caa36\" data-element_type=\"widget\" data-e-type=\"widget\" data-widget_type=\"button.default\">\n\t\t\t\t\t\t\t\t\t\t<a class=\"elementor-button elementor-button-link elementor-size-sm\" href=\"tel:871713264\">\n\t\t\t\t\t\t<span class=\"elementor-button-content-wrapper\">\n\t\t\t\t\t\t<span class=\"elementor-button-icon\">\n\t\t\t\t<svg aria-hidden=\"true\" class=\"e-font-icon-svg e-fas-phone-alt\" viewBox=\"0 0 512 512\" xmlns=\"http:\/\/www.w3.org\/2000\/svg\"><path d=\"M497.39 361.8l-112-48a24 24 0 0 0-28 6.9l-49.6 60.6A370.66 370.66 0 0 1 130.6 204.11l60.6-49.6a23.94 23.94 0 0 0 6.9-28l-48-112A24.16 24.16 0 0 0 122.6.61l-104 24A24 24 0 0 0 0 48c0 256.5 207.9 464 464 464a24 24 0 0 0 23.4-18.6l24-104a24.29 24.29 0 0 0-14.01-27.6z\"><\/path><\/svg>\t\t\t<\/span>\n\t\t\t\t\t\t\t\t\t<span class=\"elementor-button-text\">Ruf jetzt an<\/span>\n\t\t\t\t\t<\/span>\n\t\t\t\t\t<\/a>\n\t\t\t\t\t\t\t\t<\/div>\n\t\t\t\t<\/div>\n\t\t\t\t\t<\/div>\n\t\t\t\t<\/div>\n\t\t\t\t<\/div>\n\t\t","protected":false},"excerpt":{"rendered":"<p>Geriatrische Sitze auf Mallorca Wie wichtig sind Komfort und Sicherheit f\u00fcr \u00e4ltere Menschen oder Menschen mit Mobilit\u00e4tsproblemen. Aus diesem Grund bieten wir Ihnen eine Auswahl an geriatrischen Sitzen auf Mallorca an, die speziell darauf ausgelegt sind, den Alltag zu erleichtern und nicht nur Komfort, sondern auch Unterst\u00fctzung und Unterst\u00fctzung beim Sitzen und Aufstehen bieten. Motorisierte [&hellip;]<\/p>\n","protected":false},"author":1,"featured_media":0,"parent":1816,"menu_order":0,"comment_status":"closed","ping_status":"closed","template":"","meta":{"iawp_total_views":3,"_joinchat":[],"footnotes":""},"class_list":["post-2087","page","type-page","status-publish","hentry"],"_links":{"self":[{"href":"https:\/\/mundisofa.net\/de\/wp-json\/wp\/v2\/pages\/2087","targetHints":{"allow":["GET"]}}],"collection":[{"href":"https:\/\/mundisofa.net\/de\/wp-json\/wp\/v2\/pages"}],"about":[{"href":"https:\/\/mundisofa.net\/de\/wp-json\/wp\/v2\/types\/page"}],"author":[{"embeddable":true,"href":"https:\/\/mundisofa.net\/de\/wp-json\/wp\/v2\/users\/1"}],"replies":[{"embeddable":true,"href":"https:\/\/mundisofa.net\/de\/wp-json\/wp\/v2\/comments?post=2087"}],"version-history":[{"count":1,"href":"https:\/\/mundisofa.net\/de\/wp-json\/wp\/v2\/pages\/2087\/revisions"}],"predecessor-version":[{"id":2095,"href":"https:\/\/mundisofa.net\/de\/wp-json\/wp\/v2\/pages\/2087\/revisions\/2095"}],"up":[{"embeddable":true,"href":"https:\/\/mundisofa.net\/de\/wp-json\/wp\/v2\/pages\/1816"}],"wp:attachment":[{"href":"https:\/\/mundisofa.net\/de\/wp-json\/wp\/v2\/media?parent=2087"}],"curies":[{"name":"wp","href":"https:\/\/api.w.org\/{rel}","templated":true}]}}

<div data-elementor-type="wp-page" data-elementor-id="2087" class="elementor elementor-2087 elementor-32" data-elementor-post-type="page">
				<div class="elementor-element elementor-element-29490b4 e-con-full e-flex e-con e-parent" data-id="29490b4" data-element_type="container" data-e-type="container" data-settings="{&quot;background_background&quot;:&quot;classic&quot;}">
				<div class="elementor-element elementor-element-d0c624d elementor-widget-mobile__width-inherit elementor-widget elementor-widget-heading" data-id="d0c624d" data-element_type="widget" data-e-type="widget" data-widget_type="heading.default">
					<h1 class="elementor-heading-title elementor-size-default">Geriatrische Sitze auf Mallorca</h1>				</div>
				</div>
		<div class="elementor-element elementor-element-79bb4dd e-flex e-con-boxed e-con e-parent" data-id="79bb4dd" data-element_type="container" data-e-type="container">
					<div class="e-con-inner">
				<div class="elementor-element elementor-element-a2bec35 elementor-widget elementor-widget-text-editor" data-id="a2bec35" data-element_type="widget" data-e-type="widget" data-widget_type="text-editor.default">
									Wie wichtig sind Komfort und Sicherheit für ältere Menschen oder Menschen mit Mobilitätsproblemen. Aus diesem Grund bieten wir Ihnen eine Auswahl an geriatrischen Sitzen auf Mallorca an, die speziell darauf ausgelegt sind, den Alltag zu erleichtern und nicht nur Komfort, sondern auch Unterstützung und Unterstützung beim Sitzen und Aufstehen bieten. 								</div>
				<div class="elementor-element elementor-element-7fd1614 elementor-widget elementor-widget-heading" data-id="7fd1614" data-element_type="widget" data-e-type="widget" data-widget_type="heading.default">
					<h2 class="elementor-heading-title elementor-size-default">Motorisierte Sitze sorgen für mehr Komfort und Autonomie</h2>				</div>
				<div class="elementor-element elementor-element-e41b0a7 elementor-widget elementor-widget-text-editor" data-id="e41b0a7" data-element_type="widget" data-e-type="widget" data-widget_type="text-editor.default">
									Unsere motorisierten geriatrischen Sitze sind darauf ausgelegt, das Leben für Menschen zu erleichtern, die im Alltag etwas mehr Unterstützung benötigen. Mit einem Knopfdruck lassen sich diese Sessel sanft zurücklehnen oder anheben, sodass Sie mühelos sitzen oder aufstehen können. Dieses elektrische System ist ideal für Menschen mit Mobilitätsproblemen, Arthritis, Rückenschmerzen oder die einfach mehr Unterstützung beim Bewegen benötigen.  								</div>
					</div>
				</div>
		<div class="elementor-element elementor-element-91881a1 e-flex e-con-boxed e-con e-parent" data-id="91881a1" data-element_type="container" data-e-type="container">
					<div class="e-con-inner">
				<div class="elementor-element elementor-element-032362f elementor-widget elementor-widget-heading" data-id="032362f" data-element_type="widget" data-e-type="widget" data-widget_type="heading.default">
					<h2 class="elementor-heading-title elementor-size-default">Vorteile motorisierter geriatrischer Sitze</h2>				</div>
					</div>
				</div>
		<div class="elementor-element elementor-element-b36db39 e-flex e-con-boxed e-con e-parent" data-id="b36db39" data-element_type="container" data-e-type="container">
					<div class="e-con-inner">
		<div class="elementor-element elementor-element-9c4d407 e-con-full e-flex e-con e-child" data-id="9c4d407" data-element_type="container" data-e-type="container" data-settings="{&quot;background_background&quot;:&quot;classic&quot;}">
				</div>
		<div class="elementor-element elementor-element-7b9a31f e-con-full e-flex e-con e-child" data-id="7b9a31f" data-element_type="container" data-e-type="container" data-settings="{&quot;background_background&quot;:&quot;classic&quot;}">
				</div>
		<div class="elementor-element elementor-element-717490b e-con-full e-flex e-con e-child" data-id="717490b" data-element_type="container" data-e-type="container">
				<div class="elementor-element elementor-element-7148316 elementor-widget elementor-widget-text-editor" data-id="7148316" data-element_type="widget" data-e-type="widget" data-widget_type="text-editor.default">
									<ul>
<li><strong>Einfach zu sitzen und aufzustehen</strong>: Dank ihres Hebemechanismus ermöglichen die motorisierten Sitze älteren Menschen oder Menschen mit eingeschränkter Mobilität mühelos Sitzen und Aufstehen, was das Risiko von Stürzen oder Verletzungen verringert.</li>
<li><strong>Ergonomischer Komfort</strong>: Diese Sessel sind darauf ausgelegt, maximalen Komfort zu bieten, mit Fußstützen und einer verstellbaren Rückenlehne, die es ermöglichen, die Haltung für optimale Entspannung anzupassen. Dies ist besonders vorteilhaft für Menschen, die viel sitzend verbringen, und hilft, Muskelschmerzen und -zerrungen vorzubeugen. </li>
<li><strong>Hilft bei der täglichen Mobilität</strong>: Indem sie dem Nutzer sanfte und kontrollierte Unterstützung bieten, ermöglichen motorisierte geriatrische Sitze den älteren Menschen, eine gewisse Unabhängigkeit in ihren täglichen Aktivitäten zu bewahren und so ihre Lebensqualität zu verbessern.</li>
<li><strong>Mehrere verstellbare Sitze</strong>: Unsere motorisierten Sitze bieten mehrere verstellbare Positionen, von einer vollständigen Lehnung zum Ruhen bis hin zu einer vollständig erhöhten Position für einfaches Anheben. Dadurch sind die Sitze nicht nur zum Entspannen nützlich, sondern auch zum Lesen, Fernsehen oder sogar zum Schlafen. </li>
</ul>								</div>
				</div>
					</div>
				</div>
		<div class="elementor-element elementor-element-2ab5b96 e-flex e-con-boxed e-con e-parent" data-id="2ab5b96" data-element_type="container" data-e-type="container">
					<div class="e-con-inner">
				<div class="elementor-element elementor-element-04e056e elementor-widget elementor-widget-heading" data-id="04e056e" data-element_type="widget" data-e-type="widget" data-widget_type="heading.default">
					<h2 class="elementor-heading-title elementor-size-default">Sessel für ältere Menschen in Palma de Mallorca</h2>				</div>
				<div class="elementor-element elementor-element-03736cb elementor-widget elementor-widget-text-editor" data-id="03736cb" data-element_type="widget" data-e-type="widget" data-widget_type="text-editor.default">
									<p>Wir sind darauf spezialisiert, Ihnen dabei zu helfen, den geriatrischen Sitz zu finden, der am besten zu den Komfort- und Unterstützungsbedürfnissen Ihrer Angehörigen passt. Unser Expertenteam ist stets bereit, Sie zu beraten und sicherzustellen, dass Sie die perfekte Option finden, indem es maßgeschneiderte Lösungen basierend auf den Mobilitätsanforderungen und den Präferenzen jeder Person bietet. </p>
<p>Besuchen Sie unsere Ausstellung in Palma de Mallorca und entdecken Sie selbst, warum unsere geriatrischen Sitze die ideale Wahl sind, um den Komfort und die Sicherheit von älteren Menschen oder Menschen mit eingeschränkter Mobilität zu gewährleisten.</p>								</div>
					</div>
				</div>
		<div class="elementor-element elementor-element-bc2de13 e-flex e-con-boxed e-con e-parent" data-id="bc2de13" data-element_type="container" data-e-type="container">
					<div class="e-con-inner">
				<div class="elementor-element elementor-element-e573ccc elementor-widget elementor-widget-heading" data-id="e573ccc" data-element_type="widget" data-e-type="widget" data-widget_type="heading.default">
					<h2 class="elementor-heading-title elementor-size-default">Komm näher, wir sind dein üblicher Laden</h2>				</div>
				<div class="elementor-element elementor-element-f8d0734 elementor-widget elementor-widget-text-editor" data-id="f8d0734" data-element_type="widget" data-e-type="widget" data-widget_type="text-editor.default">
									<p>Wir sind im Zentrum von Palma.</p>
<p>Parken Sie auf dem <strong>Parkplatz S&#8217;Escorxador</strong> und wir stempeln Ihr Ticket.</p>
<p>Wir warten auf Sie, ohne dass Sie einen Termin benötigen.</p>								</div>
		<div class="elementor-element elementor-element-abbefd6 e-con-full e-flex e-con e-child" data-id="abbefd6" data-element_type="container" data-e-type="container">
				<div class="elementor-element elementor-element-1ecdea9 elementor-align-center elementor-mobile-align-justify elementor-widget-mobile__width-inherit elementor-widget elementor-widget-button" data-id="1ecdea9" data-element_type="widget" data-e-type="widget" data-widget_type="button.default">
										<a class="elementor-button elementor-button-link elementor-size-sm" href="https://maps.app.goo.gl/chm5KJnyJPgYZedx6" target="_blank" rel="noopener">
						<span class="elementor-button-content-wrapper">
									<span class="elementor-button-text">Anfahrt</span>
					</span>
					</a>
								</div>
				<div class="elementor-element elementor-element-02caa36 elementor-align-center elementor-mobile-align-justify elementor-widget-mobile__width-inherit elementor-widget elementor-widget-button" data-id="02caa36" data-element_type="widget" data-e-type="widget" data-widget_type="button.default">
										<a class="elementor-button elementor-button-link elementor-size-sm" href="tel:871713264">
						<span class="elementor-button-content-wrapper">
						<span class="elementor-button-icon">
				<svg aria-hidden="true" class="e-font-icon-svg e-fas-phone-alt" viewBox="0 0 512 512" xmlns="http://www.w3.org/2000/svg"><path d="M497.39 361.8l-112-48a24 24 0 0 0-28 6.9l-49.6 60.6A370.66 370.66 0 0 1 130.6 204.11l60.6-49.6a23.94 23.94 0 0 0 6.9-28l-48-112A24.16 24.16 0 0 0 122.6.61l-104 24A24 24 0 0 0 0 48c0 256.5 207.9 464 464 464a24 24 0 0 0 23.4-18.6l24-104a24.29 24.29 0 0 0-14.01-27.6z"></path></svg>			</span>
									<span class="elementor-button-text">Ruf jetzt an</span>
					</span>
					</a>
								</div>
				</div>
					</div>
				</div>
				</div>

<p>Geriatrische Sitze auf Mallorca Wie wichtig sind Komfort und Sicherheit für ältere Menschen oder Menschen mit Mobilitätsproblemen. Aus diesem Grund bieten wir Ihnen eine Auswahl an geriatrischen Sitzen auf Mallorca an, die speziell darauf ausgelegt sind, den Alltag zu erleichtern und nicht nur Komfort, sondern auch Unterstützung und Unterstützung beim Sitzen und Aufstehen bieten. Motorisierte [&hellip;]</p>
