{"id":1882,"date":"2025-10-17T17:45:14","date_gmt":"2025-10-17T15:45:14","guid":{"rendered":"https:\/\/mundisofa.net\/productes\/chaise-longue\/"},"modified":"2026-01-13T18:36:44","modified_gmt":"2026-01-13T17:36:44","slug":"chaise-longue","status":"publish","type":"page","link":"https:\/\/mundisofa.net\/ca\/productes\/chaise-longue\/","title":{"rendered":"Chaise longue"},"content":{"rendered":"\t\t<div data-elementor-type=\"wp-page\" data-elementor-id=\"1882\" class=\"elementor elementor-1882 elementor-30\" data-elementor-post-type=\"page\">\n\t\t\t\t<div class=\"elementor-element elementor-element-e0e22a9 e-con-full e-flex e-con e-parent\" data-id=\"e0e22a9\" data-element_type=\"container\" data-e-type=\"container\" data-settings=\"{&quot;background_background&quot;:&quot;classic&quot;}\">\n\t\t\t\t<div class=\"elementor-element elementor-element-00c75c2 elementor-widget-mobile__width-inherit elementor-widget elementor-widget-heading\" data-id=\"00c75c2\" data-element_type=\"widget\" data-e-type=\"widget\" data-widget_type=\"heading.default\">\n\t\t\t\t\t<h1 class=\"elementor-heading-title elementor-size-default\">Chaise longue Mallorca<\/h1>\t\t\t\t<\/div>\n\t\t\t\t<\/div>\n\t\t<div class=\"elementor-element elementor-element-05a2bf1 e-flex e-con-boxed e-con e-parent\" data-id=\"05a2bf1\" data-element_type=\"container\" data-e-type=\"container\">\n\t\t\t\t\t<div class=\"e-con-inner\">\n\t\t\t\t<div class=\"elementor-element elementor-element-1c9604e elementor-widget elementor-widget-text-editor\" data-id=\"1c9604e\" data-element_type=\"widget\" data-e-type=\"widget\" data-widget_type=\"text-editor.default\">\n\t\t\t\t\t\t\t\t\tT&#8217;oferim una acuidada selecci\u00f3 de chaise longue que combinen a la perfecci\u00f3 estil, funcionalitat i confort. Si est\u00e0s buscant la chaise longue perfecta a Mallorca, a la nostra botiga trobar\u00e0s una varietat d&#8217;opcions que s&#8217;adapten a qualsevol espai i necessitat. \t\t\t\t\t\t\t\t<\/div>\n\t\t\t\t<div class=\"elementor-element elementor-element-9f0b8e2 elementor-widget elementor-widget-heading\" data-id=\"9f0b8e2\" data-element_type=\"widget\" data-e-type=\"widget\" data-widget_type=\"heading.default\">\n\t\t\t\t\t<h2 class=\"elementor-heading-title elementor-size-default\">El toc d'eleg\u00e0ncia que la teva llar necessita<\/h2>\t\t\t\t<\/div>\n\t\t\t\t<div class=\"elementor-element elementor-element-8c374e2 elementor-widget elementor-widget-text-editor\" data-id=\"8c374e2\" data-element_type=\"widget\" data-e-type=\"widget\" data-widget_type=\"text-editor.default\">\n\t\t\t\t\t\t\t\t\tEls chaise longue s\u00f3n m\u00e9s que un simple seient; s\u00f3n el complement ideal per crear un espai de relax i sofisticaci\u00f3 a la teva llar. Sabem la import\u00e0ncia que t\u00e9 triar una pe\u00e7a que no nom\u00e9s sigui c\u00f2moda, sin\u00f3 que tamb\u00e9 reflecteixi el teu estil personal. Per aix\u00f2, oferim chaise longue en diversos dissenys, des dels m\u00e9s moderns fins als m\u00e9s cl\u00e0ssics, garantint que trobis l&#8217;opci\u00f3 que millor s&#8217;adapta a la teva decoraci\u00f3.  \t\t\t\t\t\t\t\t<\/div>\n\t\t\t\t\t<\/div>\n\t\t\t\t<\/div>\n\t\t<div class=\"elementor-element elementor-element-a96faac e-flex e-con-boxed e-con e-parent\" data-id=\"a96faac\" data-element_type=\"container\" data-e-type=\"container\">\n\t\t\t\t\t<div class=\"e-con-inner\">\n\t\t<div class=\"elementor-element elementor-element-75d1888 e-con-full e-flex e-con e-child\" data-id=\"75d1888\" data-element_type=\"container\" data-e-type=\"container\" data-settings=\"{&quot;background_background&quot;:&quot;classic&quot;}\">\n\t\t\t\t<\/div>\n\t\t<div class=\"elementor-element elementor-element-d5aaf21 e-con-full e-flex e-con e-child\" data-id=\"d5aaf21\" data-element_type=\"container\" data-e-type=\"container\">\n\t\t\t\t<div class=\"elementor-element elementor-element-c2abfcc elementor-widget elementor-widget-heading\" data-id=\"c2abfcc\" data-element_type=\"widget\" data-e-type=\"widget\" data-widget_type=\"heading.default\">\n\t\t\t\t\t<h3 class=\"elementor-heading-title elementor-size-default\">Chaise longue amb diferents estils i configuracions<\/h3>\t\t\t\t<\/div>\n\t\t\t\t<div class=\"elementor-element elementor-element-bd4acb5 elementor-widget elementor-widget-text-editor\" data-id=\"bd4acb5\" data-element_type=\"widget\" data-e-type=\"widget\" data-widget_type=\"text-editor.default\">\n\t\t\t\t\t\t\t\t\tA la nostra botiga a Palma de Mallorca, podr\u00e0s explorar una \u00e0mplia gamma de chaise longue que s&#8217;ajusten a diferents necessitats i espais. Ja sigui que prefereixis una chaise longue de l\u00ednies contempor\u00e0nies, amb entapissat en teixits suaus i duradors, o un model m\u00e9s tradicional, a Mundisof\u00e0 tenim el que busques. A m\u00e9s, les nostres chaise longue poden ser el complement perfecte per a un sal\u00f3 o un rac\u00f3 de lectura, oferint un lloc ideal per relaxar-se despr\u00e9s d&#8217;un llarg dia.  \t\t\t\t\t\t\t\t<\/div>\n\t\t\t\t<div class=\"elementor-element elementor-element-02a19af elementor-widget-divider--view-line elementor-widget elementor-widget-divider\" data-id=\"02a19af\" data-element_type=\"widget\" data-e-type=\"widget\" data-widget_type=\"divider.default\">\n\t\t\t\t\t\t\t<div class=\"elementor-divider\">\n\t\t\t<span class=\"elementor-divider-separator\">\n\t\t\t\t\t\t<\/span>\n\t\t<\/div>\n\t\t\t\t\t\t<\/div>\n\t\t\t\t<\/div>\n\t\t\t\t\t<\/div>\n\t\t\t\t<\/div>\n\t\t<div class=\"elementor-element elementor-element-182b840 e-flex e-con-boxed e-con e-parent\" data-id=\"182b840\" data-element_type=\"container\" data-e-type=\"container\">\n\t\t\t\t\t<div class=\"e-con-inner\">\n\t\t<div class=\"elementor-element elementor-element-9be8a13 e-con-full e-flex e-con e-child\" data-id=\"9be8a13\" data-element_type=\"container\" data-e-type=\"container\">\n\t\t\t\t<div class=\"elementor-element elementor-element-14593b2 elementor-widget elementor-widget-heading\" data-id=\"14593b2\" data-element_type=\"widget\" data-e-type=\"widget\" data-widget_type=\"heading.default\">\n\t\t\t\t\t<h3 class=\"elementor-heading-title elementor-size-default\">Comoditat i funcionalitat en un sol moble<\/h3>\t\t\t\t<\/div>\n\t\t\t\t<div class=\"elementor-element elementor-element-ac9d864 elementor-widget elementor-widget-text-editor\" data-id=\"ac9d864\" data-element_type=\"widget\" data-e-type=\"widget\" data-widget_type=\"text-editor.default\">\n\t\t\t\t\t\t\t\t\tLes chaise longue que oferim no nom\u00e9s destaquen per la seva eleg\u00e0ncia, sin\u00f3 tamb\u00e9 per la seva funcionalitat. Molts dels nostres models compten amb opcions modulars, que permeten configuracions personalitzades segons l&#8217;espai disponible a la teva llar. A m\u00e9s, el seu disseny ergon\u00f2mic assegura un confort \u00f2ptim, permetent-te gaudir de moments de descans inigualables. Pots demanar tamb\u00e9 teixits anti-taques i pet friendly.   \t\t\t\t\t\t\t\t<\/div>\n\t\t\t\t<div class=\"elementor-element elementor-element-66775db elementor-widget-divider--view-line elementor-widget elementor-widget-divider\" data-id=\"66775db\" data-element_type=\"widget\" data-e-type=\"widget\" data-widget_type=\"divider.default\">\n\t\t\t\t\t\t\t<div class=\"elementor-divider\">\n\t\t\t<span class=\"elementor-divider-separator\">\n\t\t\t\t\t\t<\/span>\n\t\t<\/div>\n\t\t\t\t\t\t<\/div>\n\t\t\t\t<\/div>\n\t\t<div class=\"elementor-element elementor-element-2b05d7c e-con-full e-flex e-con e-child\" data-id=\"2b05d7c\" data-element_type=\"container\" data-e-type=\"container\" data-settings=\"{&quot;background_background&quot;:&quot;classic&quot;}\">\n\t\t\t\t<\/div>\n\t\t\t\t\t<\/div>\n\t\t\t\t<\/div>\n\t\t<div class=\"elementor-element elementor-element-7499f0d e-flex e-con-boxed e-con e-parent\" data-id=\"7499f0d\" data-element_type=\"container\" data-e-type=\"container\">\n\t\t\t\t\t<div class=\"e-con-inner\">\n\t\t\t\t<div class=\"elementor-element elementor-element-71e4ab7 elementor-widget elementor-widget-heading\" data-id=\"71e4ab7\" data-element_type=\"widget\" data-e-type=\"widget\" data-widget_type=\"heading.default\">\n\t\t\t\t\t<h2 class=\"elementor-heading-title elementor-size-default\">Compra el teu chaise longue a Palma de Mallorca<\/h2>\t\t\t\t<\/div>\n\t\t\t\t<div class=\"elementor-element elementor-element-9e93fca elementor-widget elementor-widget-text-editor\" data-id=\"9e93fca\" data-element_type=\"widget\" data-e-type=\"widget\" data-widget_type=\"text-editor.default\">\n\t\t\t\t\t\t\t\t\tA Mundisof\u00e0, ens enorgullim d&#8217;oferir no nom\u00e9s mobles d&#8217;alta qualitat, sin\u00f3 tamb\u00e9 un servei al client excepcional. El nostre equip est\u00e0 sempre disposat a assessorar-te perqu\u00e8 trobis la chaise longue que millor s&#8217;adapti a les teves necessitats i prefer\u00e8ncies. Vis\u00edtans a Palma de Mallorca i descobreix per qu\u00e8 som la primera opci\u00f3 per a aquells que busquen qualitat i estil en els seus mobles&#8230;  \t\t\t\t\t\t\t\t<\/div>\n\t\t\t\t\t<\/div>\n\t\t\t\t<\/div>\n\t\t<div class=\"elementor-element elementor-element-89fd478 e-flex e-con-boxed e-con e-parent\" data-id=\"89fd478\" data-element_type=\"container\" data-e-type=\"container\">\n\t\t\t\t\t<div class=\"e-con-inner\">\n\t\t\t\t<div class=\"elementor-element elementor-element-37d99fa elementor-widget elementor-widget-heading\" data-id=\"37d99fa\" data-element_type=\"widget\" data-e-type=\"widget\" data-widget_type=\"heading.default\">\n\t\t\t\t\t<h2 class=\"elementor-heading-title elementor-size-default\">Veuen a con\u00e8ixer-nos, t'ho posem f\u00e0cil<\/h2>\t\t\t\t<\/div>\n\t\t\t\t<div class=\"elementor-element elementor-element-3a8ff50 elementor-widget elementor-widget-text-editor\" data-id=\"3a8ff50\" data-element_type=\"widget\" data-e-type=\"widget\" data-widget_type=\"text-editor.default\">\n\t\t\t\t\t\t\t\t\t<p>Som al centre de Palma.<\/p>\n<p>Aparca al <strong>p\u00e0rquing de S&#8217;Escorxador<\/strong> i nosaltres et segellem el tiquet.<\/p>\n<p>T&#8217;esperem sense necessitat de cita pr\u00e8via.<\/p>\t\t\t\t\t\t\t\t<\/div>\n\t\t<div class=\"elementor-element elementor-element-a1761b5 e-con-full e-flex e-con e-child\" data-id=\"a1761b5\" data-element_type=\"container\" data-e-type=\"container\">\n\t\t\t\t<div class=\"elementor-element elementor-element-ebeb84e elementor-align-center elementor-mobile-align-justify elementor-widget-mobile__width-inherit elementor-widget elementor-widget-button\" data-id=\"ebeb84e\" data-element_type=\"widget\" data-e-type=\"widget\" data-widget_type=\"button.default\">\n\t\t\t\t\t\t\t\t\t\t<a class=\"elementor-button elementor-button-link elementor-size-sm\" href=\"https:\/\/maps.app.goo.gl\/chm5KJnyJPgYZedx6\" target=\"_blank\" rel=\"noopener\">\n\t\t\t\t\t\t<span class=\"elementor-button-content-wrapper\">\n\t\t\t\t\t\t\t\t\t<span class=\"elementor-button-text\">Com arribar<\/span>\n\t\t\t\t\t<\/span>\n\t\t\t\t\t<\/a>\n\t\t\t\t\t\t\t\t<\/div>\n\t\t\t\t<div class=\"elementor-element elementor-element-f5db297 elementor-align-center elementor-mobile-align-justify elementor-widget-mobile__width-inherit elementor-widget elementor-widget-button\" data-id=\"f5db297\" data-element_type=\"widget\" data-e-type=\"widget\" data-widget_type=\"button.default\">\n\t\t\t\t\t\t\t\t\t\t<a class=\"elementor-button elementor-button-link elementor-size-sm\" href=\"tel:871713264\">\n\t\t\t\t\t\t<span class=\"elementor-button-content-wrapper\">\n\t\t\t\t\t\t<span class=\"elementor-button-icon\">\n\t\t\t\t<svg aria-hidden=\"true\" class=\"e-font-icon-svg e-fas-phone-alt\" viewBox=\"0 0 512 512\" xmlns=\"http:\/\/www.w3.org\/2000\/svg\"><path d=\"M497.39 361.8l-112-48a24 24 0 0 0-28 6.9l-49.6 60.6A370.66 370.66 0 0 1 130.6 204.11l60.6-49.6a23.94 23.94 0 0 0 6.9-28l-48-112A24.16 24.16 0 0 0 122.6.61l-104 24A24 24 0 0 0 0 48c0 256.5 207.9 464 464 464a24 24 0 0 0 23.4-18.6l24-104a24.29 24.29 0 0 0-14.01-27.6z\"><\/path><\/svg>\t\t\t<\/span>\n\t\t\t\t\t\t\t\t\t<span class=\"elementor-button-text\">Trucar ara<\/span>\n\t\t\t\t\t<\/span>\n\t\t\t\t\t<\/a>\n\t\t\t\t\t\t\t\t<\/div>\n\t\t\t\t<\/div>\n\t\t\t\t\t<\/div>\n\t\t\t\t<\/div>\n\t\t\t\t<\/div>\n\t\t","protected":false},"excerpt":{"rendered":"<p>Chaise longue Mallorca T&#8217;oferim una acuidada selecci\u00f3 de chaise longue que combinen a la perfecci\u00f3 estil, funcionalitat i confort. Si est\u00e0s buscant la chaise longue perfecta a Mallorca, a la nostra botiga trobar\u00e0s una varietat d&#8217;opcions que s&#8217;adapten a qualsevol espai i necessitat. El toc d&#8217;eleg\u00e0ncia que la teva llar necessita Els chaise longue s\u00f3n [&hellip;]<\/p>\n","protected":false},"author":1,"featured_media":0,"parent":1818,"menu_order":0,"comment_status":"closed","ping_status":"closed","template":"","meta":{"iawp_total_views":8,"_joinchat":[],"footnotes":""},"class_list":["post-1882","page","type-page","status-publish","hentry"],"_links":{"self":[{"href":"https:\/\/mundisofa.net\/ca\/wp-json\/wp\/v2\/pages\/1882","targetHints":{"allow":["GET"]}}],"collection":[{"href":"https:\/\/mundisofa.net\/ca\/wp-json\/wp\/v2\/pages"}],"about":[{"href":"https:\/\/mundisofa.net\/ca\/wp-json\/wp\/v2\/types\/page"}],"author":[{"embeddable":true,"href":"https:\/\/mundisofa.net\/ca\/wp-json\/wp\/v2\/users\/1"}],"replies":[{"embeddable":true,"href":"https:\/\/mundisofa.net\/ca\/wp-json\/wp\/v2\/comments?post=1882"}],"version-history":[{"count":1,"href":"https:\/\/mundisofa.net\/ca\/wp-json\/wp\/v2\/pages\/1882\/revisions"}],"predecessor-version":[{"id":1887,"href":"https:\/\/mundisofa.net\/ca\/wp-json\/wp\/v2\/pages\/1882\/revisions\/1887"}],"up":[{"embeddable":true,"href":"https:\/\/mundisofa.net\/ca\/wp-json\/wp\/v2\/pages\/1818"}],"wp:attachment":[{"href":"https:\/\/mundisofa.net\/ca\/wp-json\/wp\/v2\/media?parent=1882"}],"curies":[{"name":"wp","href":"https:\/\/api.w.org\/{rel}","templated":true}]}}

<div data-elementor-type="wp-page" data-elementor-id="1882" class="elementor elementor-1882 elementor-30" data-elementor-post-type="page">
				<div class="elementor-element elementor-element-e0e22a9 e-con-full e-flex e-con e-parent" data-id="e0e22a9" data-element_type="container" data-e-type="container" data-settings="{&quot;background_background&quot;:&quot;classic&quot;}">
				<div class="elementor-element elementor-element-00c75c2 elementor-widget-mobile__width-inherit elementor-widget elementor-widget-heading" data-id="00c75c2" data-element_type="widget" data-e-type="widget" data-widget_type="heading.default">
					<h1 class="elementor-heading-title elementor-size-default">Chaise longue Mallorca</h1>				</div>
				</div>
		<div class="elementor-element elementor-element-05a2bf1 e-flex e-con-boxed e-con e-parent" data-id="05a2bf1" data-element_type="container" data-e-type="container">
					<div class="e-con-inner">
				<div class="elementor-element elementor-element-1c9604e elementor-widget elementor-widget-text-editor" data-id="1c9604e" data-element_type="widget" data-e-type="widget" data-widget_type="text-editor.default">
									T&#8217;oferim una acuidada selecció de chaise longue que combinen a la perfecció estil, funcionalitat i confort. Si estàs buscant la chaise longue perfecta a Mallorca, a la nostra botiga trobaràs una varietat d&#8217;opcions que s&#8217;adapten a qualsevol espai i necessitat. 								</div>
				<div class="elementor-element elementor-element-9f0b8e2 elementor-widget elementor-widget-heading" data-id="9f0b8e2" data-element_type="widget" data-e-type="widget" data-widget_type="heading.default">
					<h2 class="elementor-heading-title elementor-size-default">El toc d'elegància que la teva llar necessita</h2>				</div>
				<div class="elementor-element elementor-element-8c374e2 elementor-widget elementor-widget-text-editor" data-id="8c374e2" data-element_type="widget" data-e-type="widget" data-widget_type="text-editor.default">
									Els chaise longue són més que un simple seient; són el complement ideal per crear un espai de relax i sofisticació a la teva llar. Sabem la importància que té triar una peça que no només sigui còmoda, sinó que també reflecteixi el teu estil personal. Per això, oferim chaise longue en diversos dissenys, des dels més moderns fins als més clàssics, garantint que trobis l&#8217;opció que millor s&#8217;adapta a la teva decoració.  								</div>
					</div>
				</div>
		<div class="elementor-element elementor-element-a96faac e-flex e-con-boxed e-con e-parent" data-id="a96faac" data-element_type="container" data-e-type="container">
					<div class="e-con-inner">
		<div class="elementor-element elementor-element-75d1888 e-con-full e-flex e-con e-child" data-id="75d1888" data-element_type="container" data-e-type="container" data-settings="{&quot;background_background&quot;:&quot;classic&quot;}">
				</div>
		<div class="elementor-element elementor-element-d5aaf21 e-con-full e-flex e-con e-child" data-id="d5aaf21" data-element_type="container" data-e-type="container">
				<div class="elementor-element elementor-element-c2abfcc elementor-widget elementor-widget-heading" data-id="c2abfcc" data-element_type="widget" data-e-type="widget" data-widget_type="heading.default">
					<h3 class="elementor-heading-title elementor-size-default">Chaise longue amb diferents estils i configuracions</h3>				</div>
				<div class="elementor-element elementor-element-bd4acb5 elementor-widget elementor-widget-text-editor" data-id="bd4acb5" data-element_type="widget" data-e-type="widget" data-widget_type="text-editor.default">
									A la nostra botiga a Palma de Mallorca, podràs explorar una àmplia gamma de chaise longue que s&#8217;ajusten a diferents necessitats i espais. Ja sigui que prefereixis una chaise longue de línies contemporànies, amb entapissat en teixits suaus i duradors, o un model més tradicional, a Mundisofà tenim el que busques. A més, les nostres chaise longue poden ser el complement perfecte per a un saló o un racó de lectura, oferint un lloc ideal per relaxar-se després d&#8217;un llarg dia.  								</div>
				<div class="elementor-element elementor-element-02a19af elementor-widget-divider--view-line elementor-widget elementor-widget-divider" data-id="02a19af" data-element_type="widget" data-e-type="widget" data-widget_type="divider.default">
							<div class="elementor-divider">
			<span class="elementor-divider-separator">
						</span>
		</div>
						</div>
				</div>
					</div>
				</div>
		<div class="elementor-element elementor-element-182b840 e-flex e-con-boxed e-con e-parent" data-id="182b840" data-element_type="container" data-e-type="container">
					<div class="e-con-inner">
		<div class="elementor-element elementor-element-9be8a13 e-con-full e-flex e-con e-child" data-id="9be8a13" data-element_type="container" data-e-type="container">
				<div class="elementor-element elementor-element-14593b2 elementor-widget elementor-widget-heading" data-id="14593b2" data-element_type="widget" data-e-type="widget" data-widget_type="heading.default">
					<h3 class="elementor-heading-title elementor-size-default">Comoditat i funcionalitat en un sol moble</h3>				</div>
				<div class="elementor-element elementor-element-ac9d864 elementor-widget elementor-widget-text-editor" data-id="ac9d864" data-element_type="widget" data-e-type="widget" data-widget_type="text-editor.default">
									Les chaise longue que oferim no només destaquen per la seva elegància, sinó també per la seva funcionalitat. Molts dels nostres models compten amb opcions modulars, que permeten configuracions personalitzades segons l&#8217;espai disponible a la teva llar. A més, el seu disseny ergonòmic assegura un confort òptim, permetent-te gaudir de moments de descans inigualables. Pots demanar també teixits anti-taques i pet friendly.   								</div>
				<div class="elementor-element elementor-element-66775db elementor-widget-divider--view-line elementor-widget elementor-widget-divider" data-id="66775db" data-element_type="widget" data-e-type="widget" data-widget_type="divider.default">
							<div class="elementor-divider">
			<span class="elementor-divider-separator">
						</span>
		</div>
						</div>
				</div>
		<div class="elementor-element elementor-element-2b05d7c e-con-full e-flex e-con e-child" data-id="2b05d7c" data-element_type="container" data-e-type="container" data-settings="{&quot;background_background&quot;:&quot;classic&quot;}">
				</div>
					</div>
				</div>
		<div class="elementor-element elementor-element-7499f0d e-flex e-con-boxed e-con e-parent" data-id="7499f0d" data-element_type="container" data-e-type="container">
					<div class="e-con-inner">
				<div class="elementor-element elementor-element-71e4ab7 elementor-widget elementor-widget-heading" data-id="71e4ab7" data-element_type="widget" data-e-type="widget" data-widget_type="heading.default">
					<h2 class="elementor-heading-title elementor-size-default">Compra el teu chaise longue a Palma de Mallorca</h2>				</div>
				<div class="elementor-element elementor-element-9e93fca elementor-widget elementor-widget-text-editor" data-id="9e93fca" data-element_type="widget" data-e-type="widget" data-widget_type="text-editor.default">
									A Mundisofà, ens enorgullim d&#8217;oferir no només mobles d&#8217;alta qualitat, sinó també un servei al client excepcional. El nostre equip està sempre disposat a assessorar-te perquè trobis la chaise longue que millor s&#8217;adapti a les teves necessitats i preferències. Visítans a Palma de Mallorca i descobreix per què som la primera opció per a aquells que busquen qualitat i estil en els seus mobles&#8230;  								</div>
					</div>
				</div>
		<div class="elementor-element elementor-element-89fd478 e-flex e-con-boxed e-con e-parent" data-id="89fd478" data-element_type="container" data-e-type="container">
					<div class="e-con-inner">
				<div class="elementor-element elementor-element-37d99fa elementor-widget elementor-widget-heading" data-id="37d99fa" data-element_type="widget" data-e-type="widget" data-widget_type="heading.default">
					<h2 class="elementor-heading-title elementor-size-default">Veuen a conèixer-nos, t'ho posem fàcil</h2>				</div>
				<div class="elementor-element elementor-element-3a8ff50 elementor-widget elementor-widget-text-editor" data-id="3a8ff50" data-element_type="widget" data-e-type="widget" data-widget_type="text-editor.default">
									<p>Som al centre de Palma.</p>
<p>Aparca al <strong>pàrquing de S&#8217;Escorxador</strong> i nosaltres et segellem el tiquet.</p>
<p>T&#8217;esperem sense necessitat de cita prèvia.</p>								</div>
		<div class="elementor-element elementor-element-a1761b5 e-con-full e-flex e-con e-child" data-id="a1761b5" data-element_type="container" data-e-type="container">
				<div class="elementor-element elementor-element-ebeb84e elementor-align-center elementor-mobile-align-justify elementor-widget-mobile__width-inherit elementor-widget elementor-widget-button" data-id="ebeb84e" data-element_type="widget" data-e-type="widget" data-widget_type="button.default">
										<a class="elementor-button elementor-button-link elementor-size-sm" href="https://maps.app.goo.gl/chm5KJnyJPgYZedx6" target="_blank" rel="noopener">
						<span class="elementor-button-content-wrapper">
									<span class="elementor-button-text">Com arribar</span>
					</span>
					</a>
								</div>
				<div class="elementor-element elementor-element-f5db297 elementor-align-center elementor-mobile-align-justify elementor-widget-mobile__width-inherit elementor-widget elementor-widget-button" data-id="f5db297" data-element_type="widget" data-e-type="widget" data-widget_type="button.default">
										<a class="elementor-button elementor-button-link elementor-size-sm" href="tel:871713264">
						<span class="elementor-button-content-wrapper">
						<span class="elementor-button-icon">
				<svg aria-hidden="true" class="e-font-icon-svg e-fas-phone-alt" viewBox="0 0 512 512" xmlns="http://www.w3.org/2000/svg"><path d="M497.39 361.8l-112-48a24 24 0 0 0-28 6.9l-49.6 60.6A370.66 370.66 0 0 1 130.6 204.11l60.6-49.6a23.94 23.94 0 0 0 6.9-28l-48-112A24.16 24.16 0 0 0 122.6.61l-104 24A24 24 0 0 0 0 48c0 256.5 207.9 464 464 464a24 24 0 0 0 23.4-18.6l24-104a24.29 24.29 0 0 0-14.01-27.6z"></path></svg>			</span>
									<span class="elementor-button-text">Trucar ara</span>
					</span>
					</a>
								</div>
				</div>
					</div>
				</div>
				</div>

<p>Chaise longue Mallorca T&#8217;oferim una acuidada selecció de chaise longue que combinen a la perfecció estil, funcionalitat i confort. Si estàs buscant la chaise longue perfecta a Mallorca, a la nostra botiga trobaràs una varietat d&#8217;opcions que s&#8217;adapten a qualsevol espai i necessitat. El toc d&#8217;elegància que la teva llar necessita Els chaise longue són [&hellip;]</p>
